Last updated on 2024-08-16 12:49:07 CEST.
Flavor | Version | Tinstall | Tcheck | Ttotal | Status | Flags |
---|---|---|---|---|---|---|
r-devel-linux-x86_64-debian-clang | 0.3-1 | 88.92 | 200.05 | 288.97 | NOTE | |
r-devel-linux-x86_64-debian-gcc | 0.3-1 | 62.55 | 137.03 | 199.58 | NOTE | |
r-devel-linux-x86_64-fedora-clang | 0.3-1 | 490.40 | OK | |||
r-devel-linux-x86_64-fedora-gcc | 0.3-1 | 504.01 | OK | |||
r-devel-windows-x86_64 | 0.3-1 | 88.00 | 208.00 | 296.00 | NOTE | |
r-patched-linux-x86_64 | 0.3-1 | 90.69 | 185.57 | 276.26 | OK | |
r-release-linux-x86_64 | 0.3-1 | 86.41 | 189.65 | 276.06 | OK | |
r-release-macos-arm64 | 0.3-1 | 121.00 | NOTE | |||
r-release-macos-x86_64 | 0.3-1 | 194.00 | NOTE | |||
r-release-windows-x86_64 | 0.3-1 | 90.00 | 211.00 | 301.00 | OK | |
r-oldrel-macos-arm64 | 0.3-1 | 121.00 | NOTE | |||
r-oldrel-macos-x86_64 | 0.3-1 | 326.00 | NOTE | |||
r-oldrel-windows-x86_64 | 0.3-1 | 111.00 | 282.00 | 393.00 | OK |
Version: 0.3-1
Check: Rd cross-references
Result: NOTE
Found the following Rd file(s) with Rd \link{} targets missing package
anchors:
nvertex.Rd: network
Please provide package anchors for all Rd \link{} targets not in the
package itself and the base packages.
Flavors: r-devel-linux-x86_64-debian-clang, r-devel-linux-x86_64-debian-gcc, r-devel-windows-x86_64
Version: 0.3-1
Check: installed package size
Result: NOTE
installed size is 5.6Mb
sub-directories of 1Mb or more:
libs 4.2Mb
Flavors: r-release-macos-arm64, r-release-macos-x86_64, r-oldrel-macos-arm64, r-oldrel-macos-x86_64