Last updated on 2024-08-16 12:49:07 CEST.
Flavor | Version | Tinstall | Tcheck | Ttotal | Status | Flags |
---|---|---|---|---|---|---|
r-devel-linux-x86_64-debian-clang | 0.5.1 | 2.79 | 24.50 | 27.29 | OK | |
r-devel-linux-x86_64-debian-gcc | 0.5.1 | 2.20 | 18.18 | 20.38 | OK | |
r-devel-linux-x86_64-fedora-clang | 0.5.1 | 44.74 | NOTE | |||
r-devel-linux-x86_64-fedora-gcc | 0.5.1 | 42.42 | OK | |||
r-devel-windows-x86_64 | 0.5.1 | 4.00 | 49.00 | 53.00 | OK | |
r-patched-linux-x86_64 | 0.5.1 | 3.80 | 23.35 | 27.15 | OK | |
r-release-linux-x86_64 | 0.5.1 | 2.55 | 23.61 | 26.16 | OK | |
r-release-macos-arm64 | 0.5.1 | 16.00 | OK | |||
r-release-macos-x86_64 | 0.5.1 | 24.00 | OK | |||
r-release-windows-x86_64 | 0.5.1 | 4.00 | 47.00 | 51.00 | OK | |
r-oldrel-macos-arm64 | 0.5.1 | 19.00 | OK | |||
r-oldrel-macos-x86_64 | 0.5.1 | 23.00 | OK | |||
r-oldrel-windows-x86_64 | 0.5.1 | 4.00 | 51.00 | 55.00 | OK |
Version: 0.5.1
Check: Rd cross-references
Result: NOTE
Undeclared package ‘metafor’ in Rd xrefs
Flavor: r-devel-linux-x86_64-fedora-clang