Last updated on 2024-08-16 12:49:07 CEST.
Flavor | Version | Tinstall | Tcheck | Ttotal | Status | Flags |
---|---|---|---|---|---|---|
r-devel-linux-x86_64-debian-clang | 0.7.0 | 20.04 | 138.46 | 158.50 | OK | |
r-devel-linux-x86_64-debian-gcc | 0.7.0 | 15.71 | 94.43 | 110.14 | OK | |
r-devel-linux-x86_64-fedora-clang | 0.7.0 | 261.80 | NOTE | |||
r-devel-linux-x86_64-fedora-gcc | 0.7.0 | 266.08 | NOTE | |||
r-devel-windows-x86_64 | 0.7.0 | 22.00 | 146.00 | 168.00 | OK | |
r-patched-linux-x86_64 | 0.7.0 | 20.75 | 131.08 | 151.83 | OK | |
r-release-linux-x86_64 | 0.7.0 | 21.97 | 132.28 | 154.25 | OK | |
r-release-macos-arm64 | 0.7.0 | 83.00 | NOTE | |||
r-release-macos-x86_64 | 0.7.0 | 120.00 | NOTE | |||
r-release-windows-x86_64 | 0.7.0 | 24.00 | 148.00 | 172.00 | OK | |
r-oldrel-macos-arm64 | 0.7.0 | 88.00 | NOTE | |||
r-oldrel-macos-x86_64 | 0.7.0 | 198.00 | NOTE | |||
r-oldrel-windows-x86_64 | 0.7.0 | 29.00 | 173.00 | 202.00 | OK |
Version: 0.7.0
Check: data for non-ASCII characters
Result: NOTE
Note: found 342 marked UTF-8 strings
Flavors: r-devel-linux-x86_64-fedora-clang, r-devel-linux-x86_64-fedora-gcc
Version: 0.7.0
Check: installed package size
Result: NOTE
installed size is 5.4Mb
sub-directories of 1Mb or more:
data 4.7Mb
Flavors: r-release-macos-arm64, r-release-macos-x86_64, r-oldrel-macos-arm64, r-oldrel-macos-x86_64