Last updated on 2024-07-18 01:55:30 CEST.
Flavor | Version | Tinstall | Tcheck | Ttotal | Status | Flags |
---|---|---|---|---|---|---|
r-devel-linux-x86_64-debian-clang | 1.0.1 | 6.71 | 64.24 | 70.95 | NOTE | |
r-devel-linux-x86_64-debian-gcc | 1.0.1 | 4.96 | 48.14 | 53.10 | NOTE | |
r-devel-linux-x86_64-fedora-clang | 1.0.1 | 89.52 | NOTE | |||
r-devel-linux-x86_64-fedora-gcc | 1.0.1 | 84.47 | NOTE | |||
r-devel-windows-x86_64 | 1.0.1 | 7.00 | 64.00 | 71.00 | NOTE | |
r-patched-linux-x86_64 | 1.0.1 | 5.44 | 59.93 | 65.37 | NOTE | |
r-release-linux-x86_64 | 1.0.1 | 5.69 | 60.96 | 66.65 | NOTE | |
r-release-macos-arm64 | 1.0.1 | 27.00 | NOTE | |||
r-release-macos-x86_64 | 1.0.1 | 41.00 | NOTE | |||
r-release-windows-x86_64 | 1.0.1 | 8.00 | 64.00 | 72.00 | NOTE | |
r-oldrel-macos-arm64 | 1.0.1 | 28.00 | NOTE | |||
r-oldrel-macos-x86_64 | 1.0.1 | 43.00 | NOTE | |||
r-oldrel-windows-x86_64 | 1.0.1 | 8.00 | 74.00 | 82.00 | NOTE |
Version: 1.0.1
Check: LazyData
Result: NOTE
'LazyData' is specified without a 'data' directory
Flavors: r-devel-linux-x86_64-debian-clang, r-devel-linux-x86_64-debian-gcc, r-devel-linux-x86_64-fedora-clang, r-devel-linux-x86_64-fedora-gcc, r-devel-windows-x86_64, r-patched-linux-x86_64, r-release-linux-x86_64, r-release-macos-arm64, r-release-macos-x86_64, r-release-windows-x86_64, r-oldrel-macos-arm64, r-oldrel-macos-x86_64, r-oldrel-windows-x86_64
Version: 1.0.1
Check: Rd cross-references
Result: NOTE
Found the following Rd file(s) with Rd \link{} targets missing package
anchors:
ezCutoffs.Rd: boot
Please provide package anchors for all Rd \link{} targets not in the
package itself and the base packages.
Flavor: r-devel-windows-x86_64