Last updated on 2025-11-09 00:49:29 CET.
| Flavor | Version | Tinstall | Tcheck | Ttotal | Status | Flags |
|---|---|---|---|---|---|---|
| r-devel-linux-x86_64-debian-clang | 4023.84 | 25.17 | 154.23 | 179.40 | OK | |
| r-devel-linux-x86_64-debian-gcc | 4023.84 | 15.94 | 105.62 | 121.56 | OK | |
| r-devel-linux-x86_64-fedora-clang | 4023.84 | 63.00 | 218.08 | 281.08 | OK | |
| r-devel-linux-x86_64-fedora-gcc | 4023.84 | 47.00 | 213.29 | 260.29 | OK | |
| r-devel-windows-x86_64 | 4023.84 | 26.00 | 143.00 | 169.00 | OK | |
| r-patched-linux-x86_64 | 4023.84 | 25.33 | 146.21 | 171.54 | OK | |
| r-release-linux-x86_64 | 4023.84 | 21.11 | 148.31 | 169.42 | OK | |
| r-release-macos-arm64 | 4023.84 | 10.00 | 65.00 | 75.00 | OK | |
| r-release-macos-x86_64 | 4023.84 | 25.00 | 128.00 | 153.00 | OK | |
| r-release-windows-x86_64 | 4023.84 | 22.00 | 142.00 | 164.00 | OK | |
| r-oldrel-macos-arm64 | 4023.84 | 9.00 | 54.00 | 63.00 | NOTE | |
| r-oldrel-macos-x86_64 | 4023.84 | 18.00 | 88.00 | 106.00 | NOTE | |
| r-oldrel-windows-x86_64 | 4023.84 | 33.00 | 183.00 | 216.00 | OK |
Version: 4023.84
Check: package dependencies
Result: NOTE
Package suggested but not available for checking: ‘bcp’
Flavors: r-oldrel-macos-arm64, r-oldrel-macos-x86_64