Last updated on 2024-07-18 01:55:30 CEST.
Flavor | Version | Tinstall | Tcheck | Ttotal | Status | Flags |
---|---|---|---|---|---|---|
r-devel-linux-x86_64-debian-clang | 1.0.6 | 3.03 | 35.53 | 38.56 | OK | |
r-devel-linux-x86_64-debian-gcc | 1.0.6 | 2.33 | 26.58 | 28.91 | OK | |
r-devel-linux-x86_64-fedora-clang | 1.0.6 | 49.67 | NOTE | |||
r-devel-linux-x86_64-fedora-gcc | 1.0.6 | 47.30 | NOTE | |||
r-devel-windows-x86_64 | 1.0.6 | 4.00 | 46.00 | 50.00 | OK | |
r-patched-linux-x86_64 | 1.0.6 | 3.31 | 33.79 | 37.10 | OK | |
r-release-linux-x86_64 | 1.0.6 | 3.11 | 33.14 | 36.25 | OK | |
r-release-macos-arm64 | 1.0.6 | 19.00 | OK | |||
r-release-macos-x86_64 | 1.0.6 | 26.00 | OK | |||
r-release-windows-x86_64 | 1.0.6 | 4.00 | 47.00 | 51.00 | OK | |
r-oldrel-macos-arm64 | 1.0.6 | 20.00 | OK | |||
r-oldrel-macos-x86_64 | 1.0.6 | 30.00 | OK | |||
r-oldrel-windows-x86_64 | 1.0.6 | 4.00 | 52.00 | 56.00 | OK |
Version: 1.0.6
Check: dependencies in R code
Result: NOTE
Namespace in Imports field not imported from: ‘R6’
All declared Imports should be used.
Flavors: r-devel-linux-x86_64-fedora-clang, r-devel-linux-x86_64-fedora-gcc