Last updated on 2024-07-18 01:55:30 CEST.
Flavor | Version | Tinstall | Tcheck | Ttotal | Status | Flags |
---|---|---|---|---|---|---|
r-devel-linux-x86_64-debian-clang | 1.1.3 | 12.60 | 68.85 | 81.45 | OK | |
r-devel-linux-x86_64-debian-gcc | 1.1.3 | 8.79 | 51.78 | 60.57 | OK | |
r-devel-linux-x86_64-fedora-clang | 1.1.3 | 102.06 | NOTE | |||
r-devel-linux-x86_64-fedora-gcc | 1.1.3 | 97.77 | OK | |||
r-devel-windows-x86_64 | 1.1.3 | 15.00 | 73.00 | 88.00 | OK | |
r-patched-linux-x86_64 | 1.1.3 | 7.75 | 64.02 | 71.77 | OK | |
r-release-linux-x86_64 | 1.1.3 | 10.29 | 64.43 | 74.72 | OK | |
r-release-macos-arm64 | 1.1.3 | 32.00 | OK | |||
r-release-macos-x86_64 | 1.1.3 | 48.00 | OK | |||
r-release-windows-x86_64 | 1.1.3 | 15.00 | 75.00 | 90.00 | OK | |
r-oldrel-macos-arm64 | 1.1.3 | 37.00 | OK | |||
r-oldrel-macos-x86_64 | 1.1.3 | 55.00 | OK | |||
r-oldrel-windows-x86_64 | 1.1.3 | 15.00 | 86.00 | 101.00 | OK |
Version: 1.1.3
Check: installed package size
Result: NOTE
installed size is 7.4Mb
sub-directories of 1Mb or more:
libs 7.2Mb
Flavor: r-devel-linux-x86_64-fedora-clang