Last updated on 2024-07-18 01:55:30 CEST.
Flavor | Version | Tinstall | Tcheck | Ttotal | Status | Flags |
---|---|---|---|---|---|---|
r-devel-linux-x86_64-debian-clang | 0.1.0 | 73.21 | 25.06 | 98.27 | WARN | |
r-devel-linux-x86_64-debian-gcc | 0.1.0 | 58.60 | 19.80 | 78.40 | WARN | |
r-devel-linux-x86_64-fedora-clang | 0.1.0 | 166.71 | WARN | |||
r-devel-linux-x86_64-fedora-gcc | 0.1.0 | 156.59 | WARN | |||
r-devel-windows-x86_64 | 0.1.0 | 101.00 | 56.00 | 157.00 | WARN | |
r-patched-linux-x86_64 | 0.1.0 | 79.38 | 24.45 | 103.83 | OK | |
r-release-linux-x86_64 | 0.1.0 | 77.59 | 24.71 | 102.30 | OK | |
r-release-macos-arm64 | 0.1.0 | 55.00 | NOTE | |||
r-release-macos-x86_64 | 0.1.0 | 58.00 | NOTE | |||
r-release-windows-x86_64 | 0.1.0 | 99.00 | 63.00 | 162.00 | OK | |
r-oldrel-macos-arm64 | 0.1.0 | 52.00 | NOTE | |||
r-oldrel-macos-x86_64 | 0.1.0 | 77.00 | NOTE | |||
r-oldrel-windows-x86_64 | 0.1.0 | 118.00 | 67.00 | 185.00 | OK |
Version: 0.1.0
Check: compiled code
Result: WARN
File ‘fcl/libs/fcl.so’:
Found non-API calls to R: ‘ENVFLAGS’, ‘FRAME’, ‘HASHTAB’, ‘PRCODE’,
‘PRENV’, ‘PRSEEN’, ‘PRVALUE’, ‘Rf_findVarInFrame3’, ‘SET_BODY’,
‘SET_CLOENV’, ‘SET_ENCLOS’, ‘SET_ENVFLAGS’, ‘SET_FORMALS’,
‘SET_PRCODE’, ‘SET_PRENV’, ‘SET_PRVALUE’, ‘STRING_PTR’, ‘SYMVALUE’,
‘XLENGTH_EX’
These entry points may be removed soon:
‘PRSEEN’, ‘SYMVALUE’
Compiled code should not call non-API entry points in R.
See ‘Writing portable packages’ in the ‘Writing R Extensions’ manual,
and section ‘Moving into C API compliance’ for issues with the use of
non-API entry points.
Flavors: r-devel-linux-x86_64-debian-clang, r-devel-linux-x86_64-debian-gcc, r-devel-linux-x86_64-fedora-clang, r-devel-linux-x86_64-fedora-gcc
Version: 0.1.0
Check: compiled code
Result: WARN
File 'fcl/libs/x64/fcl.dll':
Found non-API calls to R: 'ENVFLAGS', 'FRAME', 'HASHTAB', 'PRCODE',
'PRENV', 'PRSEEN', 'PRVALUE', 'Rf_findVarInFrame3', 'SET_BODY',
'SET_CLOENV', 'SET_ENCLOS', 'SET_ENVFLAGS', 'SET_FORMALS',
'SET_PRCODE', 'SET_PRENV', 'SET_PRVALUE', 'STRING_PTR', 'SYMVALUE',
'XLENGTH_EX'
These entry points may be removed soon:
'PRSEEN', 'SYMVALUE'
Compiled code should not call non-API entry points in R.
See 'Writing portable packages' in the 'Writing R Extensions' manual,
and section 'Moving into C API compliance' for issues with the use of
non-API entry points.
Flavor: r-devel-windows-x86_64
Version: 0.1.0
Check: installed package size
Result: NOTE
installed size is 7.7Mb
sub-directories of 1Mb or more:
libs 7.6Mb
Flavors: r-release-macos-arm64, r-release-macos-x86_64, r-oldrel-macos-arm64, r-oldrel-macos-x86_64