Last updated on 2024-07-18 01:55:30 CEST.
Flavor | Version | Tinstall | Tcheck | Ttotal | Status | Flags |
---|---|---|---|---|---|---|
r-devel-linux-x86_64-debian-clang | 1.1-18 | 1480.02 | 224.65 | 1704.67 | NOTE | |
r-devel-linux-x86_64-debian-gcc | 1.1-19 | 1247.38 | 228.50 | 1475.88 | NOTE | |
r-devel-linux-x86_64-fedora-clang | 1.1-19 | 2050.09 | NOTE | |||
r-devel-linux-x86_64-fedora-gcc | 1.1-19 | 3092.55 | NOTE | |||
r-devel-windows-x86_64 | 1.1-18 | 1056.00 | 273.00 | 1329.00 | NOTE | |
r-patched-linux-x86_64 | 1.1-18 | 1440.81 | 298.17 | 1738.98 | NOTE | |
r-release-linux-x86_64 | 1.1-18 | 1452.94 | 297.41 | 1750.35 | NOTE | |
r-release-macos-arm64 | 1.1-19 | 586.00 | NOTE | |||
r-release-macos-x86_64 | 1.1-19 | 646.00 | NOTE | |||
r-release-windows-x86_64 | 1.1-19 | 811.00 | 279.00 | 1090.00 | NOTE | |
r-oldrel-macos-arm64 | 1.1-19 | 503.00 | NOTE | |||
r-oldrel-macos-x86_64 | 1.1-19 | 541.00 | NOTE | |||
r-oldrel-windows-x86_64 | 1.1-18 | 1454.00 | 340.00 | 1794.00 | NOTE |
Version: 1.1-18
Check: for GNU extensions in Makefiles
Result: NOTE
GNU make is a SystemRequirements.
Flavors: r-devel-linux-x86_64-debian-clang, r-devel-windows-x86_64, r-patched-linux-x86_64, r-release-linux-x86_64, r-oldrel-windows-x86_64
Version: 1.1-19
Check: for GNU extensions in Makefiles
Result: NOTE
GNU make is a SystemRequirements.
Flavors: r-devel-linux-x86_64-debian-gcc, r-devel-linux-x86_64-fedora-clang, r-devel-linux-x86_64-fedora-gcc, r-release-macos-arm64, r-release-macos-x86_64, r-release-windows-x86_64, r-oldrel-macos-arm64, r-oldrel-macos-x86_64
Version: 1.1-19
Check: installed package size
Result: NOTE
installed size is 14.5Mb
sub-directories of 1Mb or more:
libs 13.3Mb
Flavors: r-devel-linux-x86_64-fedora-clang, r-release-macos-arm64, r-release-macos-x86_64, r-release-windows-x86_64, r-oldrel-macos-arm64, r-oldrel-macos-x86_64
Version: 1.1-18
Check: installed package size
Result: NOTE
installed size is 9.1Mb
sub-directories of 1Mb or more:
libs 8.0Mb
Flavors: r-devel-windows-x86_64, r-oldrel-windows-x86_64