CRAN Package Check Results for Package feltr

Last updated on 2025-07-08 13:49:09 CEST.

Flavor Version Tinstall Tcheck Ttotal Status Flags
r-devel-linux-x86_64-debian-clang 0.0.4 2.23 24.66 26.89 NOTE
r-devel-linux-x86_64-debian-gcc 0.0.4 1.64 20.23 21.87 NOTE
r-devel-linux-x86_64-fedora-clang 0.0.4 40.23 NOTE
r-devel-linux-x86_64-fedora-gcc 0.0.4 38.65 NOTE
r-devel-windows-x86_64 0.0.4 5.00 47.00 52.00 NOTE
r-patched-linux-x86_64 0.0.4 2.37 22.16 24.53 NOTE
r-release-linux-x86_64 0.0.4 2.10 22.22 24.32 NOTE
r-release-macos-arm64 0.0.4 18.00 NOTE
r-release-macos-x86_64 0.0.4 29.00 NOTE
r-release-windows-x86_64 0.0.4 5.00 46.00 51.00 NOTE
r-oldrel-macos-arm64 0.0.4 19.00 OK
r-oldrel-macos-x86_64 0.0.4 27.00 OK
r-oldrel-windows-x86_64 0.0.4 5.00 49.00 54.00 OK

Check Details

Version: 0.0.4
Check: DESCRIPTION meta-information
Result: NOTE Missing dependency on R >= 4.1.0 because package code uses the pipe |> or function shorthand \(...) syntax added in R 4.1.0. File(s) using such syntax: ‘add.R’ ‘comments.R’ ‘create.R’ ‘delete.R’ ‘finish_upload.R’ ‘map.R’ ‘map_elements.R’ ‘proc.R’ ‘style.R’ ‘user.R’ Flavors: r-devel-linux-x86_64-debian-clang, r-devel-linux-x86_64-debian-gcc, r-devel-linux-x86_64-fedora-clang, r-devel-linux-x86_64-fedora-gcc, r-devel-windows-x86_64, r-patched-linux-x86_64, r-release-linux-x86_64, r-release-macos-arm64, r-release-macos-x86_64, r-release-windows-x86_64