Last updated on 2025-07-04 12:49:00 CEST.
Flavor | Version | Tinstall | Tcheck | Ttotal | Status | Flags |
---|---|---|---|---|---|---|
r-devel-linux-x86_64-debian-clang | 0.6.2 | 3.53 | 34.33 | 37.86 | NOTE | |
r-devel-linux-x86_64-debian-gcc | 0.6.2 | 2.50 | 26.59 | 29.09 | NOTE | |
r-devel-linux-x86_64-fedora-clang | 0.6.2 | 56.80 | NOTE | |||
r-devel-linux-x86_64-fedora-gcc | 0.6.2 | 55.55 | NOTE | |||
r-devel-windows-x86_64 | 0.6.2 | 5.00 | 60.00 | 65.00 | NOTE | |
r-patched-linux-x86_64 | 0.6.2 | 3.62 | 32.22 | 35.84 | NOTE | |
r-release-linux-x86_64 | 0.6.2 | 3.77 | 32.26 | 36.03 | NOTE | |
r-release-macos-arm64 | 0.6.2 | 25.00 | NOTE | |||
r-release-macos-x86_64 | 0.6.2 | 42.00 | NOTE | |||
r-release-windows-x86_64 | 0.6.2 | 8.00 | 59.00 | 67.00 | NOTE | |
r-oldrel-macos-arm64 | 0.6.2 | 23.00 | NOTE | |||
r-oldrel-macos-x86_64 | 0.6.2 | 38.00 | NOTE | |||
r-oldrel-windows-x86_64 | 0.6.2 | 7.00 | 69.00 | 76.00 | NOTE |
Version: 0.6.2
Check: Rd files
Result: NOTE
checkRd: (-1) flex_dashboard.Rd:96: Lost braces; missing escapes or markup?
96 | the `{.storyboard}` attribute to individual pages rather than using the
| ^
Flavors: r-devel-linux-x86_64-debian-clang, r-devel-linux-x86_64-debian-gcc, r-devel-linux-x86_64-fedora-clang, r-devel-linux-x86_64-fedora-gcc, r-devel-windows-x86_64, r-patched-linux-x86_64, r-release-linux-x86_64, r-release-macos-arm64, r-release-macos-x86_64, r-release-windows-x86_64, r-oldrel-macos-arm64, r-oldrel-macos-x86_64, r-oldrel-windows-x86_64