Last updated on 2024-08-16 12:49:08 CEST.
Flavor | Version | Tinstall | Tcheck | Ttotal | Status | Flags |
---|---|---|---|---|---|---|
r-devel-linux-x86_64-debian-clang | 0.2.0 | 5.64 | 77.98 | 83.62 | NOTE | |
r-devel-linux-x86_64-debian-gcc | 0.2.0 | 4.42 | 55.42 | 59.84 | NOTE | |
r-devel-linux-x86_64-fedora-clang | 0.2.0 | 133.66 | NOTE | |||
r-devel-linux-x86_64-fedora-gcc | 0.2.0 | 141.59 | NOTE | |||
r-devel-windows-x86_64 | 0.2.0 | 8.00 | 107.00 | 115.00 | NOTE | |
r-patched-linux-x86_64 | 0.2.0 | 6.61 | 74.86 | 81.47 | NOTE | |
r-release-linux-x86_64 | 0.2.0 | 5.83 | 74.45 | 80.28 | NOTE | |
r-release-macos-arm64 | 0.2.0 | 52.00 | NOTE | |||
r-release-macos-x86_64 | 0.2.0 | 141.00 | NOTE | |||
r-release-windows-x86_64 | 0.2.0 | 10.00 | 106.00 | 116.00 | NOTE | |
r-oldrel-macos-arm64 | 0.2.0 | 57.00 | OK | |||
r-oldrel-macos-x86_64 | 0.2.0 | 106.00 | OK | |||
r-oldrel-windows-x86_64 | 0.2.0 | 10.00 | 120.00 | 130.00 | OK |
Version: 0.2.0
Check: Rd files
Result: NOTE
checkRd: (-1) flow_embed.Rd:30: Lost braces; missing escapes or markup?
30 | \item Don't forget to add {flow} to Suggests in your DESCRIPTION file.
| ^
Flavors: r-devel-linux-x86_64-debian-clang, r-devel-linux-x86_64-debian-gcc, r-devel-linux-x86_64-fedora-clang, r-devel-linux-x86_64-fedora-gcc, r-devel-windows-x86_64, r-patched-linux-x86_64, r-release-linux-x86_64, r-release-macos-arm64, r-release-macos-x86_64, r-release-windows-x86_64