Last updated on 2025-11-14 12:50:12 CET.
| Flavor | Version | Tinstall | Tcheck | Ttotal | Status | Flags |
|---|---|---|---|---|---|---|
| r-devel-linux-x86_64-debian-clang | 1.5.5 | 18.81 | 20.12 | 38.93 | NOTE | |
| r-devel-linux-x86_64-debian-gcc | 1.5.5 | 12.85 | 16.56 | 29.41 | NOTE | |
| r-devel-linux-x86_64-fedora-clang | 1.5.5 | 132.00 | -43.41 | 88.59 | OK | |
| r-devel-linux-x86_64-fedora-gcc | 1.5.5 | 48.00 | 13.83 | 61.83 | OK | |
| r-devel-windows-x86_64 | 1.5.5 | 24.00 | 55.00 | 79.00 | OK | |
| r-patched-linux-x86_64 | 1.5.5 | 18.43 | 19.25 | 37.68 | OK | |
| r-release-linux-x86_64 | 1.5.5 | 18.32 | 19.13 | 37.45 | OK | |
| r-release-macos-arm64 | 1.5.5 | 11.00 | 16.00 | 27.00 | OK | |
| r-release-macos-x86_64 | 1.5.5 | 9.00 | 24.00 | 33.00 | OK | |
| r-release-windows-x86_64 | 1.5.5 | 25.00 | 57.00 | 82.00 | OK | |
| r-oldrel-macos-arm64 | 1.5.5 | 8.00 | 15.00 | 23.00 | OK | |
| r-oldrel-macos-x86_64 | 1.5.5 | 7.00 | 23.00 | 30.00 | OK | |
| r-oldrel-windows-x86_64 | 1.5.5 | 23.00 | 62.00 | 85.00 | OK |
Version: 1.5.5
Check: CRAN incoming feasibility
Result: NOTE
Maintainer: ‘Holger Hoefling <hhoeflin@gmail.com>’
No Authors@R field in DESCRIPTION.
Please add one, modifying
Authors@R: person(given = "Holger",
family = "Hoefling",
role = c("aut", "cre"),
email = "hhoeflin@gmail.com")
as necessary.
The Description field contains
<arXiv:0910.0526>.
Please refer to arXiv e-prints via their arXiv DOI <doi:10.48550/arXiv.YYMM.NNNNN>.
Flavors: r-devel-linux-x86_64-debian-clang, r-devel-linux-x86_64-debian-gcc