Last updated on 2024-08-16 12:49:08 CEST.
Flavor | Version | Tinstall | Tcheck | Ttotal | Status | Flags |
---|---|---|---|---|---|---|
r-devel-linux-x86_64-debian-clang | 0.9.0 | 10.16 | 416.51 | 426.67 | OK | |
r-devel-linux-x86_64-debian-gcc | 0.9.0 | 7.51 | 282.70 | 290.21 | OK | |
r-devel-linux-x86_64-fedora-clang | 0.9.0 | 700.53 | NOTE | |||
r-devel-linux-x86_64-fedora-gcc | 0.9.0 | 676.71 | NOTE | |||
r-devel-windows-x86_64 | 0.9.0 | 13.00 | 305.00 | 318.00 | OK | |
r-patched-linux-x86_64 | 0.9.0 | 12.35 | 402.54 | 414.89 | OK | |
r-release-linux-x86_64 | 0.9.0 | 10.05 | 407.95 | 418.00 | OK | |
r-release-macos-arm64 | 0.9.0 | 212.00 | OK | |||
r-release-macos-x86_64 | 0.9.0 | 387.00 | OK | |||
r-release-windows-x86_64 | 0.9.0 | 13.00 | 308.00 | 321.00 | OK | |
r-oldrel-macos-arm64 | 0.9.0 | 221.00 | OK | |||
r-oldrel-macos-x86_64 | 0.9.0 | 346.00 | OK | |||
r-oldrel-windows-x86_64 | 0.9.0 | 16.00 | 382.00 | 398.00 | OK |
Version: 0.9.0
Check: dependencies in R code
Result: NOTE
Namespace in Imports field not imported from: ‘dtplyr’
All declared Imports should be used.
Flavors: r-devel-linux-x86_64-fedora-clang, r-devel-linux-x86_64-fedora-gcc