Last updated on 2024-08-16 12:49:08 CEST.
Flavor | Version | Tinstall | Tcheck | Ttotal | Status | Flags |
---|---|---|---|---|---|---|
r-devel-linux-x86_64-debian-clang | 3.6.2 | 255.14 | 257.98 | 513.12 | OK | |
r-devel-linux-x86_64-debian-gcc | 3.6.2 | 178.83 | 156.60 | 335.43 | OK | |
r-devel-linux-x86_64-fedora-clang | 3.6.2 | 848.06 | NOTE | |||
r-devel-linux-x86_64-fedora-gcc | 3.6.2 | 885.55 | OK | |||
r-devel-windows-x86_64 | 3.6.2 | 273.00 | 242.00 | 515.00 | NOTE | |
r-patched-linux-x86_64 | 3.6.2 | 254.79 | 237.30 | 492.09 | OK | |
r-release-linux-x86_64 | 3.6.2 | 262.02 | 240.59 | 502.61 | OK | |
r-release-macos-arm64 | 3.6.2 | 248.00 | NOTE | |||
r-release-macos-x86_64 | 3.6.2 | 465.00 | NOTE | |||
r-release-windows-x86_64 | 3.6.2 | 271.00 | 241.00 | 512.00 | NOTE | |
r-oldrel-macos-arm64 | 3.6.2 | 258.00 | NOTE | |||
r-oldrel-macos-x86_64 | 3.6.2 | 321.00 | NOTE | |||
r-oldrel-windows-x86_64 | 3.6.2 | 348.00 | 317.00 | 665.00 | NOTE |
Version: 3.6.2
Check: installed package size
Result: NOTE
installed size is 18.6Mb
sub-directories of 1Mb or more:
R 1.3Mb
help 2.7Mb
libs 13.1Mb
Flavors: r-devel-linux-x86_64-fedora-clang, r-devel-windows-x86_64, r-release-macos-arm64, r-release-macos-x86_64, r-release-windows-x86_64, r-oldrel-macos-arm64, r-oldrel-macos-x86_64, r-oldrel-windows-x86_64