Last updated on 2024-08-16 12:49:08 CEST.
Flavor | Version | Tinstall | Tcheck | Ttotal | Status | Flags |
---|---|---|---|---|---|---|
r-devel-linux-x86_64-debian-clang | 0.5.0 | 8.06 | 105.67 | 113.73 | NOTE | |
r-devel-linux-x86_64-debian-gcc | 0.5.0 | 5.19 | 74.09 | 79.28 | NOTE | |
r-devel-linux-x86_64-fedora-clang | 0.5.0 | 187.32 | NOTE | |||
r-devel-linux-x86_64-fedora-gcc | 0.5.0 | 183.03 | NOTE | |||
r-devel-windows-x86_64 | 0.5.0 | 10.00 | 113.00 | 123.00 | NOTE | |
r-patched-linux-x86_64 | 0.5.0 | 12.28 | 98.83 | 111.11 | OK | |
r-release-linux-x86_64 | 0.5.0 | 7.83 | 99.53 | 107.36 | OK | |
r-release-macos-arm64 | 0.5.0 | 63.00 | OK | |||
r-release-macos-x86_64 | 0.5.0 | 150.00 | OK | |||
r-release-windows-x86_64 | 0.5.0 | 12.00 | 113.00 | 125.00 | OK | |
r-oldrel-macos-arm64 | 0.5.0 | 58.00 | OK | |||
r-oldrel-macos-x86_64 | 0.5.0 | 146.00 | OK | |||
r-oldrel-windows-x86_64 | 0.5.0 | 12.00 | 134.00 | 146.00 | OK |
Version: 0.5.0
Check: Rd cross-references
Result: NOTE
Found the following Rd file(s) with Rd \link{} targets missing package
anchors:
funky_heatmap.Rd: ggsave
Please provide package anchors for all Rd \link{} targets not in the
package itself and the base packages.
Flavors: r-devel-linux-x86_64-debian-clang, r-devel-linux-x86_64-debian-gcc, r-devel-windows-x86_64
Version: 0.5.0
Check: data for non-ASCII characters
Result: NOTE
Note: found 36 marked UTF-8 strings
Flavors: r-devel-linux-x86_64-fedora-clang, r-devel-linux-x86_64-fedora-gcc