Last updated on 2024-07-18 01:55:32 CEST.
Flavor | Version | Tinstall | Tcheck | Ttotal | Status | Flags |
---|---|---|---|---|---|---|
r-devel-linux-x86_64-debian-clang | 1.0.2 | 71.88 | 188.21 | 260.09 | OK | |
r-devel-linux-x86_64-debian-gcc | 1.0.2 | 50.46 | 149.89 | 200.35 | OK | |
r-devel-linux-x86_64-fedora-clang | 1.0.2 | 369.76 | OK | |||
r-devel-linux-x86_64-fedora-gcc | 1.0.2 | 327.19 | OK | |||
r-devel-windows-x86_64 | 1.0.2 | 56.00 | 171.00 | 227.00 | OK | |
r-patched-linux-x86_64 | 1.0.2 | 60.42 | 183.39 | 243.81 | OK | |
r-release-linux-x86_64 | 1.0.2 | 54.89 | 179.07 | 233.96 | OK | |
r-release-macos-arm64 | 1.0.2 | 96.00 | NOTE | |||
r-release-macos-x86_64 | 1.0.2 | 129.00 | NOTE | |||
r-release-windows-x86_64 | 1.0.2 | 55.00 | 178.00 | 233.00 | OK | |
r-oldrel-macos-arm64 | 1.0.2 | 103.00 | NOTE | |||
r-oldrel-macos-x86_64 | 1.0.2 | 212.00 | NOTE | |||
r-oldrel-windows-x86_64 | 1.0.2 | 71.00 | 213.00 | 284.00 | OK |
Version: 1.0.2
Check: installed package size
Result: NOTE
installed size is 7.7Mb
sub-directories of 1Mb or more:
libs 7.4Mb
Flavors: r-release-macos-arm64, r-release-macos-x86_64, r-oldrel-macos-arm64, r-oldrel-macos-x86_64