Last updated on 2024-07-18 01:55:31 CEST.
Flavor | Version | Tinstall | Tcheck | Ttotal | Status | Flags |
---|---|---|---|---|---|---|
r-devel-linux-x86_64-debian-clang | 1.1-6 | 10.03 | 95.51 | 105.54 | NOTE | |
r-devel-linux-x86_64-debian-gcc | 1.1-6 | 8.38 | 69.71 | 78.09 | NOTE | |
r-devel-linux-x86_64-fedora-clang | 1.1-6 | 138.81 | NOTE | |||
r-devel-linux-x86_64-fedora-gcc | 1.1-6 | 120.80 | NOTE | |||
r-devel-windows-x86_64 | 1.1-6 | 9.00 | 89.00 | 98.00 | NOTE | |
r-patched-linux-x86_64 | 1.1-6 | 8.61 | 88.04 | 96.65 | NOTE | |
r-release-linux-x86_64 | 1.1-6 | 8.65 | 88.33 | 96.98 | NOTE | |
r-release-macos-arm64 | 1.1-6 | 38.00 | NOTE | |||
r-release-macos-x86_64 | 1.1-6 | 55.00 | NOTE | |||
r-release-windows-x86_64 | 1.1-6 | 9.00 | 89.00 | 98.00 | NOTE | |
r-oldrel-macos-arm64 | 1.1-6 | 39.00 | OK | |||
r-oldrel-macos-x86_64 | 1.1-6 | 64.00 | OK | |||
r-oldrel-windows-x86_64 | 1.1-6 | 12.00 | 105.00 | 117.00 | OK |
Version: 1.1-6
Check: Rd files
Result: NOTE
checkRd: (-1) pc.Rd:17: Lost braces
17 | The functions \code{gamlss.pcr()} and \code{gamlss.pc()} are supporting functions. The are not intended to be called directly by users. The function \code{gamlss.pc()} is using the linear model function \code{lm()} to fit the first principal components while the function code{gamlss.pcr()} uses \code{fitPCR()}.
| ^
Flavors: r-devel-linux-x86_64-debian-clang, r-devel-linux-x86_64-debian-gcc, r-devel-linux-x86_64-fedora-clang, r-devel-linux-x86_64-fedora-gcc, r-devel-windows-x86_64, r-patched-linux-x86_64, r-release-linux-x86_64, r-release-macos-arm64, r-release-macos-x86_64, r-release-windows-x86_64