Last updated on 2025-11-15 01:50:26 CET.
| Flavor | Version | Tinstall | Tcheck | Ttotal | Status | Flags |
|---|---|---|---|---|---|---|
| r-devel-linux-x86_64-debian-clang | 0.3 | 29.91 | 84.54 | 114.45 | NOTE | |
| r-devel-linux-x86_64-debian-gcc | 0.3 | 23.51 | 63.16 | 86.67 | NOTE | |
| r-devel-linux-x86_64-fedora-clang | 0.3 | 102.00 | 104.85 | 206.85 | OK | |
| r-devel-linux-x86_64-fedora-gcc | 0.3 | 76.00 | 108.92 | 184.92 | OK | |
| r-devel-windows-x86_64 | 0.3 | 46.00 | 103.00 | 149.00 | OK | |
| r-patched-linux-x86_64 | 0.3 | 34.29 | 80.71 | 115.00 | OK | |
| r-release-linux-x86_64 | 0.3 | 33.91 | 81.29 | 115.20 | OK | |
| r-release-macos-arm64 | 0.3 | 15.00 | 36.00 | 51.00 | OK | |
| r-release-macos-x86_64 | 0.3 | 33.00 | 69.00 | 102.00 | OK | |
| r-release-windows-x86_64 | 0.3 | 40.00 | 104.00 | 144.00 | OK | |
| r-oldrel-macos-arm64 | 0.3 | 13.00 | 36.00 | 49.00 | NOTE | |
| r-oldrel-macos-x86_64 | 0.3 | 19.00 | 73.00 | 92.00 | NOTE | |
| r-oldrel-windows-x86_64 | 0.3 | 50.00 | 132.00 | 182.00 | NOTE |
Version: 0.3
Check: CRAN incoming feasibility
Result: NOTE
Maintainer: ‘Takayuki Kawashima <t-kawa@ism.ac.jp>’
No Authors@R field in DESCRIPTION.
Please add one, modifying
Authors@R: person(given = "Takayuki",
family = "Kawashima",
role = c("aut", "cre"),
email = "t-kawa@ism.ac.jp")
as necessary.
Flavors: r-devel-linux-x86_64-debian-clang, r-devel-linux-x86_64-debian-gcc
Version: 0.3
Check: LazyData
Result: NOTE
'LazyData' is specified without a 'data' directory
Flavors: r-oldrel-macos-arm64, r-oldrel-macos-x86_64, r-oldrel-windows-x86_64