CRAN Package Check Results for Package gdxdt

Last updated on 2025-11-13 12:54:10 CET.

Flavor Version Tinstall Tcheck Ttotal Status Flags
r-devel-linux-x86_64-debian-clang 0.1.0 2.00 24.79 26.79 OK
r-devel-linux-x86_64-debian-gcc 0.1.0 1.61 20.39 22.00 OK
r-devel-linux-x86_64-fedora-clang 0.1.0 43.09 OK
r-devel-linux-x86_64-fedora-gcc 0.1.0 39.23 OK
r-devel-windows-x86_64 0.1.0 5.00 49.00 54.00 OK
r-patched-linux-x86_64 0.1.0 1.96 23.67 25.63 OK
r-release-linux-x86_64 0.1.0 1.82 23.71 25.53 OK
r-release-macos-arm64 0.1.0 1.00 17.00 18.00 OK
r-release-macos-x86_64 0.1.0 3.00 36.00 39.00 OK
r-release-windows-x86_64 0.1.0 4.00 47.00 51.00 OK
r-oldrel-macos-arm64 0.1.0 1.00 17.00 18.00 NOTE
r-oldrel-macos-x86_64 0.1.0 2.00 31.00 33.00 NOTE
r-oldrel-windows-x86_64 0.1.0 3.00 56.00 59.00 NOTE

Check Details

Version: 0.1.0
Check: package dependencies
Result: NOTE Package suggested but not available for checking: ‘gdxrrw’ Flavors: r-oldrel-macos-arm64, r-oldrel-macos-x86_64, r-oldrel-windows-x86_64

Version: 0.1.0
Check: LazyData
Result: NOTE 'LazyData' is specified without a 'data' directory Flavors: r-oldrel-macos-arm64, r-oldrel-macos-x86_64, r-oldrel-windows-x86_64