Last updated on 2024-07-18 01:55:31 CEST.
Flavor | Version | Tinstall | Tcheck | Ttotal | Status | Flags |
---|---|---|---|---|---|---|
r-devel-linux-x86_64-debian-clang | 1.3 | 4.41 | 47.03 | 51.44 | NOTE | |
r-devel-linux-x86_64-debian-gcc | 1.3 | 4.96 | 34.32 | 39.28 | NOTE | |
r-devel-linux-x86_64-fedora-clang | 1.3 | 69.47 | NOTE | |||
r-devel-linux-x86_64-fedora-gcc | 1.3 | 59.92 | NOTE | |||
r-devel-windows-x86_64 | 1.3 | 6.00 | 54.00 | 60.00 | NOTE | |
r-patched-linux-x86_64 | 1.3 | 7.15 | 44.38 | 51.53 | NOTE | |
r-release-linux-x86_64 | 1.3 | 4.59 | 42.84 | 47.43 | NOTE | |
r-release-macos-arm64 | 1.3 | 22.00 | NOTE | |||
r-release-macos-x86_64 | 1.3 | 31.00 | NOTE | |||
r-release-windows-x86_64 | 1.3 | 6.00 | 56.00 | 62.00 | NOTE | |
r-oldrel-macos-arm64 | 1.3 | 22.00 | OK | |||
r-oldrel-macos-x86_64 | 1.3 | 33.00 | OK | |||
r-oldrel-windows-x86_64 | 1.3 | 7.00 | 58.00 | 65.00 | OK |
Version: 1.3
Check: Rd files
Result: NOTE
checkRd: (-1) dental.Rd:15: Lost braces in \itemize; meant \describe ?
checkRd: (-1) dental.Rd:16: Lost braces in \itemize; meant \describe ?
checkRd: (-1) dental.Rd:17: Lost braces in \itemize; meant \describe ?
checkRd: (-1) dental.Rd:18: Lost braces in \itemize; meant \describe ?
checkRd: (-1) dental.Rd:19: Lost braces in \itemize; meant \describe ?
checkRd: (-1) dental.Rd:20: Lost braces in \itemize; meant \describe ?
checkRd: (-1) seizure.Rd:15: Lost braces in \itemize; meant \describe ?
checkRd: (-1) seizure.Rd:16: Lost braces in \itemize; meant \describe ?
checkRd: (-1) seizure.Rd:17: Lost braces in \itemize; meant \describe ?
checkRd: (-1) seizure.Rd:18: Lost braces in \itemize; meant \describe ?
checkRd: (-1) seizure.Rd:19: Lost braces in \itemize; meant \describe ?
checkRd: (-1) seizure.Rd:20: Lost braces in \itemize; meant \describe ?
checkRd: (-1) seizure.Rd:21: Lost braces in \itemize; meant \describe ?
Flavors: r-devel-linux-x86_64-debian-clang, r-devel-linux-x86_64-debian-gcc, r-devel-linux-x86_64-fedora-clang, r-devel-linux-x86_64-fedora-gcc, r-devel-windows-x86_64, r-patched-linux-x86_64, r-release-linux-x86_64, r-release-macos-arm64, r-release-macos-x86_64, r-release-windows-x86_64