Last updated on 2025-11-13 12:54:10 CET.
| Flavor | Version | Tinstall | Tcheck | Ttotal | Status | Flags |
|---|---|---|---|---|---|---|
| r-devel-linux-x86_64-debian-clang | 1.0-1 | 1.97 | 44.37 | 46.34 | OK | |
| r-devel-linux-x86_64-debian-gcc | 1.0-1 | 1.95 | 33.35 | 35.30 | OK | |
| r-devel-linux-x86_64-fedora-clang | 1.0-1 | 13.00 | 61.11 | 74.11 | OK | |
| r-devel-linux-x86_64-fedora-gcc | 1.0-1 | 67.57 | OK | |||
| r-devel-windows-x86_64 | 1.0-1 | 4.00 | 59.00 | 63.00 | OK | |
| r-patched-linux-x86_64 | 1.0-1 | 2.64 | 42.24 | 44.88 | OK | |
| r-release-linux-x86_64 | 1.0-1 | 2.55 | 41.62 | 44.17 | OK | |
| r-release-macos-arm64 | 1.0-1 | 1.00 | 22.00 | 23.00 | OK | |
| r-release-macos-x86_64 | 1.0-1 | 3.00 | 49.00 | 52.00 | OK | |
| r-release-windows-x86_64 | 1.0-1 | 4.00 | 63.00 | 67.00 | OK | |
| r-oldrel-macos-arm64 | 1.0-1 | 1.00 | 21.00 | 22.00 | NOTE | |
| r-oldrel-macos-x86_64 | 1.0-1 | 2.00 | 46.00 | 48.00 | NOTE | |
| r-oldrel-windows-x86_64 | 1.0-1 | 4.00 | 71.00 | 75.00 | NOTE |
Version: 1.0-1
Check: LazyData
Result: NOTE
'LazyData' is specified without a 'data' directory
Flavors: r-oldrel-macos-arm64, r-oldrel-macos-x86_64, r-oldrel-windows-x86_64