Last updated on 2024-08-16 12:49:09 CEST.
Flavor | Version | Tinstall | Tcheck | Ttotal | Status | Flags |
---|---|---|---|---|---|---|
r-devel-linux-x86_64-debian-clang | 0.1.0 | 1.92 | 133.72 | 135.64 | NOTE | |
r-devel-linux-x86_64-debian-gcc | 0.1.0 | 1.53 | 72.59 | 74.12 | NOTE | |
r-devel-linux-x86_64-fedora-clang | 0.1.0 | 222.13 | NOTE | |||
r-devel-linux-x86_64-fedora-gcc | 0.1.0 | 226.86 | NOTE | |||
r-devel-windows-x86_64 | 0.1.0 | 3.00 | 125.00 | 128.00 | NOTE | |
r-patched-linux-x86_64 | 0.1.0 | 1.82 | 123.50 | 125.32 | NOTE | |
r-release-linux-x86_64 | 0.1.0 | 1.92 | 123.95 | 125.87 | NOTE | |
r-release-macos-arm64 | 0.1.0 | 54.00 | NOTE | |||
r-release-macos-x86_64 | 0.1.0 | 106.00 | NOTE | |||
r-release-windows-x86_64 | 0.1.0 | 3.00 | 129.00 | 132.00 | NOTE | |
r-oldrel-macos-arm64 | 0.1.0 | 62.00 | NOTE | |||
r-oldrel-macos-x86_64 | 0.1.0 | 115.00 | NOTE | |||
r-oldrel-windows-x86_64 | 0.1.0 | 3.00 | 169.00 | 172.00 | NOTE |
Version: 0.1.0
Check: LazyData
Result: NOTE
'LazyData' is specified without a 'data' directory
Flavors: r-devel-linux-x86_64-debian-clang, r-devel-linux-x86_64-debian-gcc, r-devel-linux-x86_64-fedora-clang, r-devel-linux-x86_64-fedora-gcc, r-devel-windows-x86_64, r-patched-linux-x86_64, r-release-linux-x86_64, r-release-macos-arm64, r-release-macos-x86_64, r-release-windows-x86_64, r-oldrel-macos-arm64, r-oldrel-macos-x86_64, r-oldrel-windows-x86_64