Last updated on 2025-11-09 00:49:29 CET.
| Flavor | Version | Tinstall | Tcheck | Ttotal | Status | Flags |
|---|---|---|---|---|---|---|
| r-devel-linux-x86_64-debian-clang | 1.3 | 5.18 | 54.90 | 60.08 | OK | |
| r-devel-linux-x86_64-debian-gcc | 1.3 | 4.09 | 41.33 | 45.42 | OK | |
| r-devel-linux-x86_64-fedora-clang | 1.3 | 20.00 | 79.09 | 99.09 | OK | |
| r-devel-linux-x86_64-fedora-gcc | 1.3 | 21.00 | 73.56 | 94.56 | OK | |
| r-devel-windows-x86_64 | 1.3 | 7.00 | 64.00 | 71.00 | OK | |
| r-patched-linux-x86_64 | 1.3 | 4.16 | 52.13 | 56.29 | OK | |
| r-release-linux-x86_64 | 1.3 | 5.34 | 51.95 | 57.29 | OK | |
| r-release-macos-arm64 | 1.3 | 3.00 | 39.00 | 42.00 | OK | |
| r-release-macos-x86_64 | 1.3 | 4.00 | 39.00 | 43.00 | OK | |
| r-release-windows-x86_64 | 1.3 | 8.00 | 61.00 | 69.00 | OK | |
| r-oldrel-macos-arm64 | 1.3 | 3.00 | 21.00 | 24.00 | NOTE | |
| r-oldrel-macos-x86_64 | 1.3 | 3.00 | 31.00 | 34.00 | NOTE | |
| r-oldrel-windows-x86_64 | 1.3 | 10.00 | 81.00 | 91.00 | NOTE |
Version: 1.3
Check: LazyData
Result: NOTE
'LazyData' is specified without a 'data' directory
Flavors: r-oldrel-macos-arm64, r-oldrel-macos-x86_64, r-oldrel-windows-x86_64