CRAN Package Check Results for Package ggDoE

Last updated on 2025-07-08 13:49:10 CEST.

Flavor Version Tinstall Tcheck Ttotal Status Flags
r-devel-linux-x86_64-debian-clang 0.8 6.15 62.69 68.84 NOTE
r-devel-linux-x86_64-debian-gcc 0.8 3.65 43.89 47.54 NOTE
r-devel-linux-x86_64-fedora-clang 0.8 102.62 NOTE
r-devel-linux-x86_64-fedora-gcc 0.8 93.67 NOTE
r-devel-windows-x86_64 0.8 7.00 72.00 79.00 NOTE
r-patched-linux-x86_64 0.8 6.09 56.81 62.90 NOTE
r-release-linux-x86_64 0.8 4.43 56.03 60.46 NOTE
r-release-macos-arm64 0.8 49.00 NOTE
r-release-macos-x86_64 0.8 58.00 NOTE
r-release-windows-x86_64 0.8 8.00 94.00 102.00 NOTE
r-oldrel-macos-arm64 0.8 29.00 OK
r-oldrel-macos-x86_64 0.8 46.00 OK
r-oldrel-windows-x86_64 0.8 10.00 99.00 109.00 OK

Check Details

Version: 0.8
Check: DESCRIPTION meta-information
Result: NOTE Missing dependency on R >= 4.1.0 because package code uses the pipe |> or function shorthand \(...) syntax added in R 4.1.0. File(s) using such syntax: ‘girder_experiment.Rd’ Flavors: r-devel-linux-x86_64-debian-clang, r-devel-linux-x86_64-debian-gcc, r-devel-linux-x86_64-fedora-clang, r-devel-linux-x86_64-fedora-gcc, r-devel-windows-x86_64, r-patched-linux-x86_64, r-release-linux-x86_64, r-release-macos-arm64, r-release-macos-x86_64, r-release-windows-x86_64