Last updated on 2025-11-14 12:50:13 CET.
| Flavor | Version | Tinstall | Tcheck | Ttotal | Status | Flags |
|---|---|---|---|---|---|---|
| r-devel-linux-x86_64-debian-clang | 0.2.0 | 7.30 | 82.22 | 89.52 | NOTE | |
| r-devel-linux-x86_64-debian-gcc | 0.2.0 | 5.46 | 57.55 | 63.01 | NOTE | |
| r-devel-linux-x86_64-fedora-clang | 0.2.0 | 39.00 | 102.98 | 141.98 | NOTE | |
| r-devel-linux-x86_64-fedora-gcc | 0.2.0 | 17.00 | 110.25 | 127.25 | NOTE | |
| r-devel-windows-x86_64 | 0.2.0 | 10.00 | 87.00 | 97.00 | NOTE | |
| r-patched-linux-x86_64 | 0.2.0 | 6.97 | 79.22 | 86.19 | NOTE | |
| r-release-linux-x86_64 | 0.2.0 | 6.18 | 78.31 | 84.49 | NOTE | |
| r-release-macos-arm64 | 0.2.0 | 2.00 | 31.00 | 33.00 | NOTE | |
| r-release-macos-x86_64 | 0.2.0 | 5.00 | 60.00 | 65.00 | NOTE | |
| r-release-windows-x86_64 | 0.2.0 | 12.00 | 85.00 | 97.00 | NOTE | |
| r-oldrel-macos-arm64 | 0.2.0 | 3.00 | 30.00 | 33.00 | NOTE | |
| r-oldrel-macos-x86_64 | 0.2.0 | 4.00 | 46.00 | 50.00 | NOTE | |
| r-oldrel-windows-x86_64 | 0.2.0 | 12.00 | 111.00 | 123.00 | NOTE |
Version: 0.2.0
Check: Rd files
Result: NOTE
checkRd: (-1) pcp_scale.Rd:50: Lost braces in \itemize; meant \describe ?
checkRd: (-1) pcp_scale.Rd:51: Lost braces in \itemize; meant \describe ?
checkRd: (-1) pcp_scale.Rd:52: Lost braces in \itemize; meant \describe ?
checkRd: (-1) pcp_scale.Rd:53: Lost braces in \itemize; meant \describe ?
checkRd: (-1) pcp_scale.Rd:54-55: Lost braces in \itemize; meant \describe ?
Flavors: r-devel-linux-x86_64-debian-clang, r-devel-linux-x86_64-debian-gcc, r-devel-linux-x86_64-fedora-clang, r-devel-linux-x86_64-fedora-gcc, r-devel-windows-x86_64, r-patched-linux-x86_64, r-release-linux-x86_64, r-release-macos-arm64, r-release-macos-x86_64, r-release-windows-x86_64, r-oldrel-macos-arm64, r-oldrel-macos-x86_64, r-oldrel-windows-x86_64