Last updated on 2024-08-16 00:48:21 CEST.
Flavor | Version | Tinstall | Tcheck | Ttotal | Status | Flags |
---|---|---|---|---|---|---|
r-devel-linux-x86_64-debian-clang | 0.3.0 | 4.15 | 42.97 | 47.12 | NOTE | |
r-devel-linux-x86_64-debian-gcc | 0.3.0 | 3.36 | 32.91 | 36.27 | NOTE | |
r-devel-linux-x86_64-fedora-clang | 0.3.0 | 77.37 | OK | |||
r-devel-linux-x86_64-fedora-gcc | 0.3.0 | 85.69 | OK | |||
r-devel-windows-x86_64 | 0.3.0 | 6.00 | 62.00 | 68.00 | NOTE | |
r-patched-linux-x86_64 | 0.3.0 | 7.79 | 41.06 | 48.85 | OK | |
r-release-linux-x86_64 | 0.3.0 | 3.48 | 41.28 | 44.76 | OK | |
r-release-macos-arm64 | 0.3.0 | 31.00 | OK | |||
r-release-macos-x86_64 | 0.3.0 | 48.00 | OK | |||
r-release-windows-x86_64 | 0.3.0 | 7.00 | 78.00 | 85.00 | OK | |
r-oldrel-macos-arm64 | 0.3.0 | 31.00 | OK | |||
r-oldrel-macos-x86_64 | 0.3.0 | 52.00 | OK | |||
r-oldrel-windows-x86_64 | 0.3.0 | 7.00 | 70.00 | 77.00 | OK |
Version: 0.3.0
Check: Rd cross-references
Result: NOTE
Found the following Rd file(s) with Rd \link{} targets missing package
anchors:
geom_polypath.Rd: geom_polygon, geom_map, geom_path, geom_ribbon
Please provide package anchors for all Rd \link{} targets not in the
package itself and the base packages.
Flavors: r-devel-linux-x86_64-debian-clang, r-devel-linux-x86_64-debian-gcc, r-devel-windows-x86_64