Last updated on 2024-08-16 12:49:09 CEST.
Flavor | Version | Tinstall | Tcheck | Ttotal | Status | Flags |
---|---|---|---|---|---|---|
r-devel-linux-x86_64-debian-clang | 1.0.2 | 5.23 | 269.06 | 274.29 | OK | |
r-devel-linux-x86_64-debian-gcc | 1.0.2 | 3.96 | 179.80 | 183.76 | OK | |
r-devel-linux-x86_64-fedora-clang | 1.0.2 | 443.72 | NOTE | |||
r-devel-linux-x86_64-fedora-gcc | 1.0.2 | 440.21 | OK | |||
r-devel-windows-x86_64 | 1.0.2 | 7.00 | 311.00 | 318.00 | OK | |
r-patched-linux-x86_64 | 1.0.2 | 4.94 | 255.58 | 260.52 | OK | |
r-release-linux-x86_64 | 1.0.2 | 4.60 | 255.60 | 260.20 | OK | |
r-release-macos-arm64 | 1.0.2 | 147.00 | OK | |||
r-release-macos-x86_64 | 1.0.2 | 262.00 | OK | |||
r-release-windows-x86_64 | 1.0.2 | 7.00 | 428.00 | 435.00 | OK | |
r-oldrel-macos-arm64 | 1.0.2 | 153.00 | OK | |||
r-oldrel-macos-x86_64 | 1.0.2 | 362.00 | OK | |||
r-oldrel-windows-x86_64 | 1.0.2 | 9.00 | 523.00 | 532.00 | OK |
Version: 1.0.2
Check: Rd cross-references
Result: NOTE
Undeclared package ‘vipor’ in Rd xrefs
Flavor: r-devel-linux-x86_64-fedora-clang