Last updated on 2024-08-16 00:48:21 CEST.
Flavor | Version | Tinstall | Tcheck | Ttotal | Status | Flags |
---|---|---|---|---|---|---|
r-devel-linux-x86_64-debian-clang | 1.6.3 | 18.02 | 69.86 | 87.88 | OK | |
r-devel-linux-x86_64-debian-gcc | 1.6.3 | 13.28 | 50.75 | 64.03 | OK | |
r-devel-linux-x86_64-fedora-clang | 1.6.3 | 136.75 | NOTE | |||
r-devel-linux-x86_64-fedora-gcc | 1.6.3 | 130.27 | NOTE | |||
r-devel-windows-x86_64 | 1.6.3 | 18.00 | 86.00 | 104.00 | OK | |
r-patched-linux-x86_64 | 1.6.3 | 16.39 | 65.65 | 82.04 | OK | |
r-release-linux-x86_64 | 1.6.3 | 13.70 | 66.50 | 80.20 | OK | |
r-release-macos-arm64 | 1.6.3 | 48.00 | OK | |||
r-release-macos-x86_64 | 1.6.3 | 71.00 | OK | |||
r-release-windows-x86_64 | 1.6.3 | 18.00 | 96.00 | 114.00 | OK | |
r-oldrel-macos-arm64 | 1.6.3 | 48.00 | OK | |||
r-oldrel-macos-x86_64 | 1.6.3 | 71.00 | OK | |||
r-oldrel-windows-x86_64 | 1.6.3 | 23.00 | 101.00 | 124.00 | OK |
Version: 1.6.3
Check: dependencies in R code
Result: NOTE
Namespaces in Imports field not imported from:
‘magrittr’ ‘utils’
All declared Imports should be used.
Flavors: r-devel-linux-x86_64-fedora-clang, r-devel-linux-x86_64-fedora-gcc