Last updated on 2024-08-16 12:49:09 CEST.
Flavor | Version | Tinstall | Tcheck | Ttotal | Status | Flags |
---|---|---|---|---|---|---|
r-devel-linux-x86_64-debian-clang | 1.0.4 | 4.94 | 44.21 | 49.15 | OK | |
r-devel-linux-x86_64-debian-gcc | 1.0.4 | 3.23 | 33.12 | 36.35 | OK | |
r-devel-linux-x86_64-fedora-clang | 1.0.4 | 79.33 | NOTE | |||
r-devel-linux-x86_64-fedora-gcc | 1.0.4 | 85.78 | OK | |||
r-devel-windows-x86_64 | 1.0.4 | 7.00 | 63.00 | 70.00 | OK | |
r-patched-linux-x86_64 | 1.0.4 | 4.11 | 41.79 | 45.90 | OK | |
r-release-linux-x86_64 | 1.0.4 | 3.30 | 41.66 | 44.96 | OK | |
r-release-macos-arm64 | 1.0.4 | 32.00 | OK | |||
r-release-macos-x86_64 | 1.0.4 | 67.00 | OK | |||
r-release-windows-x86_64 | 1.0.4 | 7.00 | 71.00 | 78.00 | OK | |
r-oldrel-macos-arm64 | 1.0.4 | 33.00 | OK | |||
r-oldrel-macos-x86_64 | 1.0.4 | 49.00 | OK | |||
r-oldrel-windows-x86_64 | 1.0.4 | 8.00 | 69.00 | 77.00 | OK |
Version: 1.0.4
Check: Rd cross-references
Result: NOTE
Undeclared package ‘rlang’ in Rd xrefs
Flavor: r-devel-linux-x86_64-fedora-clang