Last updated on 2024-08-16 00:48:21 CEST.
Flavor | Version | Tinstall | Tcheck | Ttotal | Status | Flags |
---|---|---|---|---|---|---|
r-devel-linux-x86_64-debian-clang | 0.1.1 | 26.10 | 60.92 | 87.02 | OK | |
r-devel-linux-x86_64-debian-gcc | 0.1.1 | 19.98 | 46.29 | 66.27 | OK | |
r-devel-linux-x86_64-fedora-clang | 0.1.1 | 145.82 | OK | |||
r-devel-linux-x86_64-fedora-gcc | 0.1.1 | 159.37 | OK | |||
r-devel-windows-x86_64 | 0.1.1 | 28.00 | 94.00 | 122.00 | OK | |
r-patched-linux-x86_64 | 0.1.1 | 26.23 | 59.55 | 85.78 | OK | |
r-release-linux-x86_64 | 0.1.1 | 26.57 | 59.17 | 85.74 | OK | |
r-release-macos-arm64 | 0.1.1 | 48.00 | NOTE | |||
r-release-macos-x86_64 | 0.1.1 | 69.00 | NOTE | |||
r-release-windows-x86_64 | 0.1.1 | 28.00 | 110.00 | 138.00 | OK | |
r-oldrel-macos-arm64 | 0.1.1 | 54.00 | NOTE | |||
r-oldrel-macos-x86_64 | 0.1.1 | 123.00 | NOTE | |||
r-oldrel-windows-x86_64 | 0.1.1 | 35.00 | 107.00 | 142.00 | OK |
Version: 0.1.1
Check: installed package size
Result: NOTE
installed size is 6.2Mb
sub-directories of 1Mb or more:
doc 1.1Mb
libs 4.9Mb
Flavors: r-release-macos-arm64, r-release-macos-x86_64, r-oldrel-macos-arm64, r-oldrel-macos-x86_64