Last updated on 2024-07-18 01:55:32 CEST.
Flavor | Version | Tinstall | Tcheck | Ttotal | Status | Flags |
---|---|---|---|---|---|---|
r-devel-linux-x86_64-debian-clang | 0.9.2 | 1681.20 | 214.63 | 1895.83 | NOTE | |
r-devel-linux-x86_64-debian-gcc | 0.9.2 | 1479.90 | 270.31 | 1750.21 | NOTE | |
r-devel-linux-x86_64-fedora-clang | 0.9.2 | 2299.62 | NOTE | |||
r-devel-linux-x86_64-fedora-gcc | 0.9.2 | 3381.93 | NOTE | |||
r-devel-windows-x86_64 | 0.9.2 | 1265.00 | 295.00 | 1560.00 | NOTE | |
r-patched-linux-x86_64 | 0.9.2 | 0.02 | 2.75 | 2.77 | ERROR | |
r-release-linux-x86_64 | 0.9.2 | 1265.70 | 347.25 | 1612.95 | NOTE | |
r-release-macos-arm64 | 0.9.2 | 556.00 | NOTE | |||
r-release-macos-x86_64 | 0.9.2 | 542.00 | NOTE | |||
r-release-windows-x86_64 | 0.9.2 | 1285.00 | 295.00 | 1580.00 | NOTE | |
r-oldrel-macos-arm64 | 0.9.2 | 571.00 | NOTE | |||
r-oldrel-macos-x86_64 | 0.9.2 | 506.00 | NOTE | |||
r-oldrel-windows-x86_64 | 0.9.2 | 1726.00 | 351.00 | 2077.00 | NOTE |
Version: 0.9.2
Check: for GNU extensions in Makefiles
Result: NOTE
GNU make is a SystemRequirements.
Flavors: r-devel-linux-x86_64-debian-clang, r-devel-linux-x86_64-debian-gcc, r-devel-linux-x86_64-fedora-clang, r-devel-linux-x86_64-fedora-gcc, r-devel-windows-x86_64, r-release-linux-x86_64, r-release-macos-arm64, r-release-macos-x86_64, r-release-windows-x86_64, r-oldrel-macos-arm64, r-oldrel-macos-x86_64, r-oldrel-windows-x86_64
Version: 0.9.2
Check: installed package size
Result: NOTE
installed size is 11.5Mb
sub-directories of 1Mb or more:
libs 10.1Mb
Flavors: r-devel-linux-x86_64-fedora-clang, r-devel-windows-x86_64, r-release-macos-arm64, r-release-macos-x86_64, r-release-windows-x86_64, r-oldrel-macos-arm64, r-oldrel-macos-x86_64, r-oldrel-windows-x86_64
Version: 0.9.2
Check: whether package can be installed
Result: ERROR
Installation failed.
Flavor: r-patched-linux-x86_64