Last updated on 2024-07-18 01:55:32 CEST.
Flavor | Version | Tinstall | Tcheck | Ttotal | Status | Flags |
---|---|---|---|---|---|---|
r-devel-linux-x86_64-debian-clang | 0.3.5 | 340.13 | 208.65 | 548.78 | OK | |
r-devel-linux-x86_64-debian-gcc | 0.3.5 | 378.65 | 185.66 | 564.31 | OK | |
r-devel-linux-x86_64-fedora-clang | 0.3.5 | 721.39 | OK | |||
r-devel-linux-x86_64-fedora-gcc | 0.3.5 | 1004.68 | OK | |||
r-devel-windows-x86_64 | 0.3.5 | 346.00 | 191.00 | 537.00 | OK | |
r-patched-linux-x86_64 | 0.3.5 | 0.31 | 1.93 | 2.24 | ERROR | |
r-release-linux-x86_64 | 0.3.5 | 341.85 | 246.18 | 588.03 | OK | |
r-release-macos-arm64 | 0.3.5 | 149.00 | NOTE | |||
r-release-macos-x86_64 | 0.3.5 | 260.00 | NOTE | |||
r-release-windows-x86_64 | 0.3.5 | 342.00 | 193.00 | 535.00 | OK | |
r-oldrel-macos-arm64 | 0.3.5 | 142.00 | NOTE | |||
r-oldrel-macos-x86_64 | 0.3.5 | 261.00 | NOTE | |||
r-oldrel-windows-x86_64 | 0.3.5 | 582.00 | 235.00 | 817.00 | OK |
Version: 0.3.5
Check: package dependencies
Result: ERROR
Package required but not available: ‘glmmrBase’
See section ‘The DESCRIPTION file’ in the ‘Writing R Extensions’
manual.
Flavor: r-patched-linux-x86_64
Version: 0.3.5
Check: installed package size
Result: NOTE
installed size is 49.7Mb
sub-directories of 1Mb or more:
libs 49.4Mb
Flavors: r-release-macos-arm64, r-release-macos-x86_64, r-oldrel-macos-arm64, r-oldrel-macos-x86_64