Last updated on 2024-07-18 01:55:32 CEST.
Flavor | Version | Tinstall | Tcheck | Ttotal | Status | Flags |
---|---|---|---|---|---|---|
r-devel-linux-x86_64-debian-clang | 0.2-0 | 4.67 | 46.84 | 51.51 | OK | |
r-devel-linux-x86_64-debian-gcc | 0.2-0 | 3.76 | 34.70 | 38.46 | OK | |
r-devel-linux-x86_64-fedora-clang | 0.2-0 | 64.51 | OK | |||
r-devel-linux-x86_64-fedora-gcc | 0.2-0 | 62.52 | OK | |||
r-devel-windows-x86_64 | 0.2-0 | 5.00 | 59.00 | 64.00 | OK | |
r-patched-linux-x86_64 | 0.2-0 | 5.38 | 44.72 | 50.10 | OK | |
r-release-linux-x86_64 | 0.2-0 | 3.83 | 44.68 | 48.51 | OK | |
r-release-macos-arm64 | 0.2-0 | 23.00 | OK | |||
r-release-macos-x86_64 | 0.2-0 | 32.00 | OK | |||
r-release-windows-x86_64 | 0.2-0 | 5.00 | 59.00 | 64.00 | OK | |
r-oldrel-macos-arm64 | 0.2-0 | 26.00 | OK | |||
r-oldrel-macos-x86_64 | 0.2-0 | 37.00 | NOTE | |||
r-oldrel-windows-x86_64 | 0.2-0 | 6.00 | 63.00 | 69.00 | OK |
Version: 0.2-0
Check: package dependencies
Result: NOTE
Package suggested but not available for checking: ‘AER’
Flavor: r-oldrel-macos-x86_64