Last updated on 2024-08-16 12:49:09 CEST.
Flavor | Version | Tinstall | Tcheck | Ttotal | Status | Flags |
---|---|---|---|---|---|---|
r-devel-linux-x86_64-debian-clang | 0.11.0 | 26.05 | 55.65 | 81.70 | OK | |
r-devel-linux-x86_64-debian-gcc | 0.11.0 | 20.98 | 42.28 | 63.26 | OK | |
r-devel-linux-x86_64-fedora-clang | 0.11.0 | 141.64 | OK | |||
r-devel-linux-x86_64-fedora-gcc | 0.11.0 | 161.06 | OK | |||
r-devel-windows-x86_64 | 0.11.0 | 31.00 | 92.00 | 123.00 | OK | |
r-patched-linux-x86_64 | 0.11.0 | 27.34 | 53.28 | 80.62 | OK | |
r-release-linux-x86_64 | 0.11.0 | 29.01 | 53.81 | 82.82 | OK | |
r-release-macos-arm64 | 0.11.0 | 51.00 | NOTE | |||
r-release-macos-x86_64 | 0.11.0 | 88.00 | NOTE | |||
r-release-windows-x86_64 | 0.11.0 | 33.00 | 106.00 | 139.00 | OK | |
r-oldrel-macos-arm64 | 0.11.0 | 51.00 | NOTE | |||
r-oldrel-macos-x86_64 | 0.11.0 | 78.00 | NOTE | |||
r-oldrel-windows-x86_64 | 0.11.0 | 37.00 | 111.00 | 148.00 | OK |
Version: 0.11.0
Check: installed package size
Result: NOTE
installed size is 11.2Mb
sub-directories of 1Mb or more:
doc 1.3Mb
libs 9.6Mb
Flavors: r-release-macos-arm64, r-release-macos-x86_64, r-oldrel-macos-arm64, r-oldrel-macos-x86_64