Last updated on 2024-08-16 12:49:10 CEST.
Flavor | Version | Tinstall | Tcheck | Ttotal | Status | Flags |
---|---|---|---|---|---|---|
r-devel-linux-x86_64-debian-clang | 0.3.2 | 13.57 | 120.30 | 133.87 | OK | |
r-devel-linux-x86_64-debian-gcc | 0.3.2 | 9.61 | 81.78 | 91.39 | OK | |
r-devel-linux-x86_64-fedora-clang | 0.3.2 | 214.59 | NOTE | |||
r-devel-linux-x86_64-fedora-gcc | 0.3.2 | 220.01 | OK | |||
r-devel-windows-x86_64 | 0.3.2 | 15.00 | 377.00 | 392.00 | OK | |
r-patched-linux-x86_64 | 0.3.2 | 15.87 | 112.89 | 128.76 | OK | |
r-release-linux-x86_64 | 0.3.2 | 13.03 | 113.88 | 126.91 | OK | |
r-release-macos-arm64 | 0.3.2 | 190.00 | OK | |||
r-release-macos-x86_64 | 0.3.2 | 268.00 | OK | |||
r-release-windows-x86_64 | 0.3.2 | 16.00 | 601.00 | 617.00 | OK | |
r-oldrel-macos-arm64 | 0.3.2 | 195.00 | OK | |||
r-oldrel-macos-x86_64 | 0.3.2 | 470.00 | OK | |||
r-oldrel-windows-x86_64 | 0.3.2 | 19.00 | 505.00 | 524.00 | OK |
Version: 0.3.2
Check: Rd cross-references
Result: NOTE
Undeclared package ‘glasso’ in Rd xrefs
Flavor: r-devel-linux-x86_64-fedora-clang