Last updated on 2024-07-18 01:55:32 CEST.
Flavor | Version | Tinstall | Tcheck | Ttotal | Status | Flags |
---|---|---|---|---|---|---|
r-devel-linux-x86_64-debian-clang | 1.6.1 | 55.26 | 63.99 | 119.25 | NOTE | |
r-devel-linux-x86_64-debian-gcc | 1.6.1 | 49.21 | 51.92 | 101.13 | NOTE | |
r-devel-linux-x86_64-fedora-clang | 1.6.1 | 160.76 | NOTE | |||
r-devel-linux-x86_64-fedora-gcc | 1.6.1 | 182.98 | NOTE | |||
r-devel-windows-x86_64 | 1.6.1 | 50.00 | 92.00 | 142.00 | NOTE | |
r-patched-linux-x86_64 | 1.6.1 | 62.74 | 66.18 | 128.92 | NOTE | |
r-release-linux-x86_64 | 1.6.1 | 55.66 | 65.31 | 120.97 | NOTE | |
r-release-macos-arm64 | 1.6.1 | 46.00 | NOTE | |||
r-release-macos-x86_64 | 1.6.1 | 65.00 | NOTE | |||
r-release-windows-x86_64 | 1.6.1 | 49.00 | 92.00 | 141.00 | NOTE | |
r-oldrel-macos-arm64 | 1.6.1 | 51.00 | NOTE | |||
r-oldrel-macos-x86_64 | 1.6.1 | 75.00 | NOTE | |||
r-oldrel-windows-x86_64 | 1.6.1 | 60.00 | 109.00 | 169.00 | NOTE |
Version: 1.6.1
Check: C++ specification
Result: NOTE
Specified C++11: please drop specification unless essential
Flavors: r-devel-linux-x86_64-debian-clang, r-devel-linux-x86_64-debian-gcc, r-devel-linux-x86_64-fedora-clang, r-devel-linux-x86_64-fedora-gcc, r-devel-windows-x86_64, r-patched-linux-x86_64, r-release-linux-x86_64, r-release-macos-arm64, r-release-macos-x86_64, r-release-windows-x86_64, r-oldrel-macos-arm64, r-oldrel-macos-x86_64, r-oldrel-windows-x86_64
Version: 1.6.1
Check: installed package size
Result: NOTE
installed size is 15.9Mb
sub-directories of 1Mb or more:
libs 15.8Mb
Flavors: r-release-macos-arm64, r-release-macos-x86_64, r-oldrel-macos-arm64, r-oldrel-macos-x86_64