Last updated on 2024-08-16 12:49:10 CEST.
Flavor | Version | Tinstall | Tcheck | Ttotal | Status | Flags |
---|---|---|---|---|---|---|
r-devel-linux-x86_64-debian-clang | 0.6 | 5.94 | 87.18 | 93.12 | OK | |
r-devel-linux-x86_64-debian-gcc | 0.6 | 4.29 | 58.10 | 62.39 | OK | |
r-devel-linux-x86_64-fedora-clang | 0.6 | 153.16 | NOTE | |||
r-devel-linux-x86_64-fedora-gcc | 0.6 | 160.18 | NOTE | |||
r-devel-windows-x86_64 | 0.6 | 8.00 | 108.00 | 116.00 | OK | |
r-patched-linux-x86_64 | 0.6 | 5.73 | 81.01 | 86.74 | OK | |
r-release-linux-x86_64 | 0.6 | 5.14 | 80.79 | 85.93 | OK | |
r-release-macos-arm64 | 0.6 | 50.00 | OK | |||
r-release-macos-x86_64 | 0.6 | 96.00 | OK | |||
r-release-windows-x86_64 | 0.6 | 9.00 | 108.00 | 117.00 | OK | |
r-oldrel-macos-arm64 | 0.6 | 52.00 | OK | |||
r-oldrel-macos-x86_64 | 0.6 | 84.00 | OK | |||
r-oldrel-windows-x86_64 | 0.6 | 10.00 | 124.00 | 134.00 | OK |
Version: 0.6
Check: dependencies in R code
Result: NOTE
Namespace in Imports field not imported from: ‘BiasedUrn’
All declared Imports should be used.
Flavors: r-devel-linux-x86_64-fedora-clang, r-devel-linux-x86_64-fedora-gcc