CRAN Package Check Results for Package gsisdecoder

Last updated on 2025-07-08 13:49:10 CEST.

Flavor Version Tinstall Tcheck Ttotal Status Flags
r-devel-linux-x86_64-debian-clang 0.0.1 9.68 25.48 35.16 OK
r-devel-linux-x86_64-debian-gcc 0.0.1 6.67 21.28 27.95 OK
r-devel-linux-x86_64-fedora-clang 0.0.1 58.84 OK
r-devel-linux-x86_64-fedora-gcc 0.0.1 52.82 OK
r-devel-windows-x86_64 0.0.1 12.00 62.00 74.00 OK
r-patched-linux-x86_64 0.0.1 8.96 23.21 32.17 OK
r-release-linux-x86_64 0.0.1 9.00 23.28 32.28 OK
r-release-macos-arm64 0.0.1 23.00 OK
r-release-macos-x86_64 0.0.1 32.00 OK
r-release-windows-x86_64 0.0.1 12.00 60.00 72.00 OK
r-oldrel-macos-arm64 0.0.1 21.00 NOTE
r-oldrel-macos-x86_64 0.0.1 28.00 NOTE
r-oldrel-windows-x86_64 0.0.1 11.00 70.00 81.00 NOTE

Check Details

Version: 0.0.1
Check: LazyData
Result: NOTE 'LazyData' is specified without a 'data' directory Flavors: r-oldrel-macos-arm64, r-oldrel-macos-x86_64, r-oldrel-windows-x86_64