Last updated on 2024-07-18 01:55:32 CEST.
Flavor | Version | Tinstall | Tcheck | Ttotal | Status | Flags |
---|---|---|---|---|---|---|
r-devel-linux-x86_64-debian-clang | 0.1.0 | 15.98 | 127.87 | 143.85 | NOTE | |
r-devel-linux-x86_64-debian-gcc | 0.1.0 | 12.61 | 93.87 | 106.48 | NOTE | |
r-devel-linux-x86_64-fedora-clang | 0.1.0 | 184.77 | NOTE | |||
r-devel-linux-x86_64-fedora-gcc | 0.1.0 | 166.74 | NOTE | |||
r-devel-windows-x86_64 | 0.1.0 | 15.00 | 103.00 | 118.00 | NOTE | |
r-patched-linux-x86_64 | 0.1.0 | 14.14 | 121.94 | 136.08 | NOTE | |
r-release-linux-x86_64 | 0.1.0 | 14.27 | 118.37 | 132.64 | NOTE | |
r-release-macos-arm64 | 0.1.0 | 49.00 | NOTE | |||
r-release-macos-x86_64 | 0.1.0 | 71.00 | NOTE | |||
r-release-windows-x86_64 | 0.1.0 | 14.00 | 104.00 | 118.00 | NOTE | |
r-oldrel-macos-arm64 | 0.1.0 | 48.00 | NOTE | |||
r-oldrel-macos-x86_64 | 0.1.0 | 76.00 | NOTE | |||
r-oldrel-windows-x86_64 | 0.1.0 | 17.00 | 121.00 | 138.00 | NOTE |
Version: 0.1.0
Check: LazyData
Result: NOTE
'LazyData' is specified without a 'data' directory
Flavors: r-devel-linux-x86_64-debian-clang, r-devel-linux-x86_64-debian-gcc, r-devel-linux-x86_64-fedora-clang, r-devel-linux-x86_64-fedora-gcc, r-devel-windows-x86_64, r-patched-linux-x86_64, r-release-linux-x86_64, r-release-macos-arm64, r-release-macos-x86_64, r-release-windows-x86_64, r-oldrel-macos-arm64, r-oldrel-macos-x86_64, r-oldrel-windows-x86_64