CRAN Package Check Results for Package halfcircle

Last updated on 2025-07-08 13:49:10 CEST.

Flavor Version Tinstall Tcheck Ttotal Status Flags
r-devel-linux-x86_64-debian-clang 0.1.0 3.20 35.04 38.24 NOTE
r-devel-linux-x86_64-debian-gcc 0.1.0 2.84 26.64 29.48 NOTE
r-devel-linux-x86_64-fedora-clang 0.1.0 59.32 OK
r-devel-linux-x86_64-fedora-gcc 0.1.0 55.39 OK
r-devel-windows-x86_64 0.1.0 4.00 52.00 56.00 OK
r-patched-linux-x86_64 0.1.0 3.57 33.31 36.88 OK
r-release-linux-x86_64 0.1.0 3.26 32.95 36.21 OK
r-release-macos-arm64 0.1.0 25.00 OK
r-release-macos-x86_64 0.1.0 33.00 OK
r-release-windows-x86_64 0.1.0 5.00 54.00 59.00 OK
r-oldrel-macos-arm64 0.1.0 21.00 OK
r-oldrel-macos-x86_64 0.1.0 29.00 OK
r-oldrel-windows-x86_64 0.1.0 6.00 63.00 69.00 OK

Check Details

Version: 0.1.0
Check: CRAN incoming feasibility
Result: NOTE Maintainer: ‘Sohyun Park <park.2627@osu.edu>’ No Authors@R field in DESCRIPTION. Please add one, modifying Authors@R: c(person(given = "Sohyun", family = "Park", role = c("aut", "cre"), email = "park.2627@osu.edu"), person(given = "Ningchuan", family = "Xiao", role = "aut")) as necessary. Flavors: r-devel-linux-x86_64-debian-clang, r-devel-linux-x86_64-debian-gcc