Last updated on 2024-08-16 12:49:10 CEST.
Flavor | Version | Tinstall | Tcheck | Ttotal | Status | Flags |
---|---|---|---|---|---|---|
r-devel-linux-x86_64-debian-clang | 1.2.0 | 54.12 | 164.90 | 219.02 | OK | |
r-devel-linux-x86_64-debian-gcc | 1.2.0 | 40.84 | 121.44 | 162.28 | OK | |
r-devel-linux-x86_64-fedora-clang | 1.2.0 | 380.88 | NOTE | |||
r-devel-linux-x86_64-fedora-gcc | 1.2.0 | 391.50 | OK | |||
r-devel-windows-x86_64 | 1.2.0 | 62.00 | 191.00 | 253.00 | NOTE | |
r-patched-linux-x86_64 | 1.2.0 | 54.36 | 160.38 | 214.74 | OK | |
r-release-linux-x86_64 | 1.2.0 | 53.59 | 161.34 | 214.93 | OK | |
r-release-macos-arm64 | 1.2.0 | 110.00 | NOTE | |||
r-release-macos-x86_64 | 1.2.0 | 239.00 | NOTE | |||
r-release-windows-x86_64 | 1.2.0 | 61.00 | 1870.00 | 1931.00 | NOTE | |
r-oldrel-macos-arm64 | 1.2.0 | 108.00 | NOTE | |||
r-oldrel-macos-x86_64 | 1.2.0 | 231.00 | NOTE | |||
r-oldrel-windows-x86_64 | 1.2.0 | 75.00 | 236.00 | 311.00 | NOTE |
Version: 1.2.0
Check: installed package size
Result: NOTE
installed size is 6.2Mb
sub-directories of 1Mb or more:
data 2.7Mb
doc 2.6Mb
Flavors: r-devel-linux-x86_64-fedora-clang, r-devel-windows-x86_64, r-release-macos-arm64, r-release-macos-x86_64, r-release-windows-x86_64, r-oldrel-macos-arm64, r-oldrel-macos-x86_64, r-oldrel-windows-x86_64