Last updated on 2025-07-08 13:49:10 CEST.
Flavor | Version | Tinstall | Tcheck | Ttotal | Status | Flags |
---|---|---|---|---|---|---|
r-devel-linux-x86_64-debian-clang | 2.5.5 | 30.64 | 61.07 | 91.71 | OK | |
r-devel-linux-x86_64-debian-gcc | 2.5.5 | 24.96 | 43.78 | 68.74 | OK | |
r-devel-linux-x86_64-fedora-clang | 2.5.5 | 150.75 | OK | |||
r-devel-linux-x86_64-fedora-gcc | 2.5.5 | 158.14 | OK | |||
r-devel-windows-x86_64 | 2.5.5 | 67.00 | 95.00 | 162.00 | OK | |
r-patched-linux-x86_64 | 2.5.5 | 33.36 | 54.81 | 88.17 | OK | |
r-release-linux-x86_64 | 2.5.5 | 34.99 | 54.55 | 89.54 | OK | |
r-release-macos-arm64 | 2.5.5 | 53.00 | OK | |||
r-release-macos-x86_64 | 2.5.5 | 94.00 | OK | |||
r-release-windows-x86_64 | 2.5.5 | 71.00 | 101.00 | 172.00 | OK | |
r-oldrel-macos-arm64 | 2.5.5 | 57.00 | NOTE | |||
r-oldrel-macos-x86_64 | 2.5.5 | 82.00 | NOTE | |||
r-oldrel-windows-x86_64 | 2.5.5 | 77.00 | 120.00 | 197.00 | NOTE |
Version: 2.5.5
Check: for GNU extensions in Makefiles
Result: NOTE
GNU make is a SystemRequirements.
Flavors: r-oldrel-macos-arm64, r-oldrel-macos-x86_64, r-oldrel-windows-x86_64