Last updated on 2024-08-16 12:49:10 CEST.
Flavor | Version | Tinstall | Tcheck | Ttotal | Status | Flags |
---|---|---|---|---|---|---|
r-devel-linux-x86_64-debian-clang | 0.6.0 | 3.51 | 40.12 | 43.63 | OK | |
r-devel-linux-x86_64-debian-gcc | 0.6.0 | 2.69 | 30.50 | 33.19 | OK | |
r-devel-linux-x86_64-fedora-clang | 0.6.0 | 73.11 | NOTE | |||
r-devel-linux-x86_64-fedora-gcc | 0.6.0 | 85.03 | OK | |||
r-devel-windows-x86_64 | 0.6.0 | 5.00 | 68.00 | 73.00 | NOTE | |
r-patched-linux-x86_64 | 0.6.0 | 4.34 | 38.59 | 42.93 | OK | |
r-release-linux-x86_64 | 0.6.0 | 3.43 | 38.82 | 42.25 | OK | |
r-release-macos-arm64 | 0.6.0 | 33.00 | NOTE | |||
r-release-macos-x86_64 | 0.6.0 | 53.00 | NOTE | |||
r-release-windows-x86_64 | 0.6.0 | 5.00 | 77.00 | 82.00 | NOTE | |
r-oldrel-macos-arm64 | 0.6.0 | 41.00 | NOTE | |||
r-oldrel-macos-x86_64 | 0.6.0 | 80.00 | NOTE | |||
r-oldrel-windows-x86_64 | 0.6.0 | 7.00 | 74.00 | 81.00 | NOTE |
Version: 0.6.0
Check: installed package size
Result: NOTE
installed size is 5.2Mb
sub-directories of 1Mb or more:
doc 4.8Mb
Flavors: r-devel-linux-x86_64-fedora-clang, r-devel-windows-x86_64, r-release-macos-arm64, r-release-macos-x86_64, r-release-windows-x86_64, r-oldrel-macos-arm64, r-oldrel-macos-x86_64, r-oldrel-windows-x86_64