Last updated on 2024-07-18 01:55:32 CEST.
Flavor | Version | Tinstall | Tcheck | Ttotal | Status | Flags |
---|---|---|---|---|---|---|
r-devel-linux-x86_64-debian-clang | 0.0.3 | 13.08 | 115.04 | 128.12 | NOTE | |
r-devel-linux-x86_64-debian-gcc | 0.0.3 | 12.70 | 85.66 | 98.36 | NOTE | |
r-devel-linux-x86_64-fedora-clang | 0.0.3 | 166.91 | NOTE | |||
r-devel-linux-x86_64-fedora-gcc | 0.0.3 | 162.28 | NOTE | |||
r-devel-windows-x86_64 | 0.0.3 | 16.00 | 101.00 | 117.00 | NOTE | |
r-patched-linux-x86_64 | 0.0.3 | 18.16 | 111.77 | 129.93 | NOTE | |
r-release-linux-x86_64 | 0.0.3 | 13.68 | 110.22 | 123.90 | NOTE | |
r-release-macos-arm64 | 0.0.3 | 46.00 | NOTE | |||
r-release-macos-x86_64 | 0.0.3 | 72.00 | NOTE | |||
r-release-windows-x86_64 | 0.0.3 | 16.00 | 100.00 | 116.00 | NOTE | |
r-oldrel-macos-arm64 | 0.0.3 | 54.00 | NOTE | |||
r-oldrel-macos-x86_64 | 0.0.3 | 84.00 | NOTE | |||
r-oldrel-windows-x86_64 | 0.0.3 | 21.00 | 117.00 | 138.00 | NOTE |
Version: 0.0.3
Check: package dependencies
Result: NOTE
Package suggested but not available for checking: ‘cmdstanr’
Flavors: r-devel-linux-x86_64-debian-clang, r-devel-linux-x86_64-debian-gcc, r-devel-linux-x86_64-fedora-clang, r-devel-linux-x86_64-fedora-gcc, r-devel-windows-x86_64, r-patched-linux-x86_64, r-release-linux-x86_64, r-release-macos-arm64, r-release-macos-x86_64, r-release-windows-x86_64, r-oldrel-macos-arm64, r-oldrel-macos-x86_64, r-oldrel-windows-x86_64