CRAN Package Check Results for Package hdbm

Last updated on 2025-07-08 13:49:10 CEST.

Flavor Version Tinstall Tcheck Ttotal Status Flags
r-devel-linux-x86_64-debian-clang 0.9.0 23.41 36.64 60.05 NOTE
r-devel-linux-x86_64-debian-gcc 0.9.0 15.03 30.59 45.62 NOTE
r-devel-linux-x86_64-fedora-clang 0.9.0 105.35 NOTE
r-devel-linux-x86_64-fedora-gcc 0.9.0 108.31 NOTE
r-devel-windows-x86_64 0.9.0 25.00 76.00 101.00 NOTE
r-patched-linux-x86_64 0.9.0 22.29 36.44 58.73 NOTE
r-release-linux-x86_64 0.9.0 22.82 35.68 58.50 NOTE
r-release-macos-arm64 0.9.0 64.00 NOTE
r-release-macos-x86_64 0.9.0 74.00 NOTE
r-release-windows-x86_64 0.9.0 25.00 79.00 104.00 NOTE
r-oldrel-macos-arm64 0.9.0 49.00 NOTE
r-oldrel-macos-x86_64 0.9.0 66.00 NOTE
r-oldrel-windows-x86_64 0.9.0 31.00 87.00 118.00 NOTE

Check Details

Version: 0.9.0
Check: CRAN incoming feasibility
Result: NOTE Maintainer: ‘Alexander Rix <alexrix@umich.edu>’ Found the following URLs which should use \doi (with the DOI name only): File ‘hdbm.Rd’: https://doi.org/10.1101/467399 Flavors: r-devel-linux-x86_64-debian-clang, r-devel-linux-x86_64-debian-gcc

Version: 0.9.0
Check: C++ specification
Result: NOTE Specified C++11: please drop specification unless essential Flavors: r-devel-linux-x86_64-debian-clang, r-devel-linux-x86_64-debian-gcc, r-devel-linux-x86_64-fedora-clang, r-devel-linux-x86_64-fedora-gcc, r-devel-windows-x86_64, r-patched-linux-x86_64, r-release-linux-x86_64, r-release-macos-arm64, r-release-macos-x86_64, r-release-windows-x86_64, r-oldrel-macos-arm64, r-oldrel-macos-x86_64, r-oldrel-windows-x86_64