Last updated on 2024-07-18 01:55:32 CEST.
Flavor | Version | Tinstall | Tcheck | Ttotal | Status | Flags |
---|---|---|---|---|---|---|
r-devel-linux-x86_64-debian-clang | 1.0.1 | 20.37 | 163.81 | 184.18 | OK | |
r-devel-linux-x86_64-debian-gcc | 1.0.1 | 14.90 | 114.04 | 128.94 | OK | |
r-devel-linux-x86_64-fedora-clang | 1.0.1 | 221.45 | OK | |||
r-devel-linux-x86_64-fedora-gcc | 1.0.1 | 203.58 | OK | |||
r-devel-windows-x86_64 | 1.0.1 | 15.00 | 120.00 | 135.00 | NOTE | |
r-patched-linux-x86_64 | 1.0.1 | 23.59 | 151.62 | 175.21 | OK | |
r-release-linux-x86_64 | 1.0.1 | 11.19 | 145.84 | 157.03 | OK | |
r-release-macos-arm64 | 1.0.1 | 54.00 | OK | |||
r-release-macos-x86_64 | 1.0.1 | 88.00 | OK | |||
r-release-windows-x86_64 | 1.0.1 | 16.00 | 121.00 | 137.00 | OK | |
r-oldrel-macos-arm64 | 1.0.1 | 58.00 | OK | |||
r-oldrel-macos-x86_64 | 1.0.1 | 165.00 | OK | |||
r-oldrel-windows-x86_64 | 1.0.1 | 21.00 | 148.00 | 169.00 | OK |
Version: 1.0.1
Check: Rd cross-references
Result: NOTE
Found the following Rd file(s) with Rd \link{} targets missing package
anchors:
mediate_hdmm.Rd: mediate
mediate_hima.Rd: hdi
Please provide package anchors for all Rd \link{} targets not in the
package itself and the base packages.
Flavor: r-devel-windows-x86_64