Last updated on 2024-06-14 00:53:45 CEST.
Flavor | Version | Tinstall | Tcheck | Ttotal | Status | Flags |
---|---|---|---|---|---|---|
r-devel-linux-x86_64-debian-clang | 0.1.0 | 8.87 | 66.44 | 75.31 | NOTE | |
r-devel-linux-x86_64-debian-gcc | 0.1.0 | 0.35 | 1.71 | 2.06 | ERROR | |
r-devel-linux-x86_64-fedora-clang | 0.1.0 | 96.69 | NOTE | |||
r-devel-linux-x86_64-fedora-gcc | 0.1.0 | 93.06 | NOTE | |||
r-devel-windows-x86_64 | 0.1.0 | 8.00 | 67.00 | 75.00 | NOTE | |
r-patched-linux-x86_64 | 0.1.0 | 7.00 | 64.72 | 71.72 | NOTE | |
r-release-linux-x86_64 | 0.1.0 | 4.64 | 64.89 | 69.53 | NOTE | |
r-release-macos-arm64 | 0.1.0 | 30.00 | NOTE | |||
r-release-macos-x86_64 | 0.1.0 | 63.00 | NOTE | |||
r-release-windows-x86_64 | 0.1.0 | 8.00 | 76.00 | 84.00 | NOTE | |
r-oldrel-macos-arm64 | 0.1.0 | 32.00 | NOTE | |||
r-oldrel-macos-x86_64 | 0.1.0 | 46.00 | NOTE | |||
r-oldrel-windows-x86_64 | 0.1.0 | 10.00 | 76.00 | 86.00 | NOTE |
Version: 0.1.0
Check: LazyData
Result: NOTE
'LazyData' is specified without a 'data' directory
Flavors: r-devel-linux-x86_64-debian-clang, r-devel-linux-x86_64-fedora-clang, r-devel-linux-x86_64-fedora-gcc, r-devel-windows-x86_64, r-patched-linux-x86_64, r-release-linux-x86_64, r-release-macos-arm64, r-release-macos-x86_64, r-release-windows-x86_64, r-oldrel-macos-arm64, r-oldrel-macos-x86_64, r-oldrel-windows-x86_64
Version: 0.1.0
Check: package dependencies
Result: ERROR
Packages required but not available:
'ggplot2', 'lubridate', 'readr', 'tibble'
Package suggested but not available for checking: ‘testthat’
See section ‘The DESCRIPTION file’ in the ‘Writing R Extensions’
manual.
Flavor: r-devel-linux-x86_64-debian-gcc