Last updated on 2024-07-18 01:55:33 CEST.
Flavor | Version | Tinstall | Tcheck | Ttotal | Status | Flags |
---|---|---|---|---|---|---|
r-devel-linux-x86_64-debian-clang | 1.2.33 | 114.66 | 233.92 | 348.58 | OK | |
r-devel-linux-x86_64-debian-gcc | 1.2.33 | 71.42 | 165.61 | 237.03 | OK | |
r-devel-linux-x86_64-fedora-clang | 1.2.33 | 444.12 | OK | |||
r-devel-linux-x86_64-fedora-gcc | 1.2.33 | 421.49 | OK | |||
r-devel-windows-x86_64 | 1.2.33 | 80.00 | 155.00 | 235.00 | OK | |
r-patched-linux-x86_64 | 1.2.33 | 65.01 | 219.41 | 284.42 | OK | |
r-release-linux-x86_64 | 1.2.33 | 66.43 | 213.96 | 280.39 | OK | |
r-release-macos-arm64 | 1.2.33 | 84.00 | NOTE | |||
r-release-macos-x86_64 | 1.2.33 | 120.00 | NOTE | |||
r-release-windows-x86_64 | 1.2.33 | 80.00 | 154.00 | 234.00 | OK | |
r-oldrel-macos-arm64 | 1.2.33 | 96.00 | NOTE | |||
r-oldrel-macos-x86_64 | 1.2.33 | 213.00 | NOTE | |||
r-oldrel-windows-x86_64 | 1.2.33 | 109.00 | 206.00 | 315.00 | OK |
Version: 1.2.33
Check: installed package size
Result: NOTE
installed size is 6.0Mb
sub-directories of 1Mb or more:
extdata 2.6Mb
libs 3.3Mb
Flavors: r-release-macos-arm64, r-release-macos-x86_64, r-oldrel-macos-arm64, r-oldrel-macos-x86_64