Last updated on 2024-08-16 12:49:10 CEST.
Flavor | Version | Tinstall | Tcheck | Ttotal | Status | Flags |
---|---|---|---|---|---|---|
r-devel-linux-x86_64-debian-clang | 0.2.1 | 9.73 | 26.27 | 36.00 | NOTE | |
r-devel-linux-x86_64-debian-gcc | 0.2.1 | 6.67 | 20.40 | 27.07 | NOTE | |
r-devel-linux-x86_64-fedora-clang | 0.2.1 | 62.64 | NOTE | |||
r-devel-linux-x86_64-fedora-gcc | 0.2.1 | 71.91 | NOTE | |||
r-devel-windows-x86_64 | 0.2.1 | 12.00 | 53.00 | 65.00 | NOTE | |
r-patched-linux-x86_64 | 0.2.1 | 9.57 | 24.75 | 34.32 | NOTE | |
r-release-linux-x86_64 | 0.2.1 | 9.87 | 24.80 | 34.67 | NOTE | |
r-release-macos-arm64 | 0.2.1 | 24.00 | NOTE | |||
r-release-macos-x86_64 | 0.2.1 | 37.00 | NOTE | |||
r-release-windows-x86_64 | 0.2.1 | 12.00 | 61.00 | 73.00 | NOTE | |
r-oldrel-macos-arm64 | 0.2.1 | 29.00 | NOTE | |||
r-oldrel-macos-x86_64 | 0.2.1 | 42.00 | NOTE | |||
r-oldrel-windows-x86_64 | 0.2.1 | 12.00 | 58.00 | 70.00 | NOTE |
Version: 0.2.1
Check: C++ specification
Result: NOTE
Specified C++11: please drop specification unless essential
Flavors: r-devel-linux-x86_64-debian-clang, r-devel-linux-x86_64-debian-gcc, r-devel-linux-x86_64-fedora-clang, r-devel-linux-x86_64-fedora-gcc, r-devel-windows-x86_64, r-patched-linux-x86_64, r-release-linux-x86_64, r-release-macos-arm64, r-release-macos-x86_64, r-release-windows-x86_64, r-oldrel-macos-arm64, r-oldrel-macos-x86_64, r-oldrel-windows-x86_64
Version: 0.2.1
Check: compiled code
Result: NOTE
File ‘hilbert/libs/hilbert.so’:
Found non-API calls to R: ‘SETLENGTH’, ‘SET_GROWABLE_BIT’,
‘SET_TRUELENGTH’
Compiled code should not call non-API entry points in R.
See ‘Writing portable packages’ in the ‘Writing R Extensions’ manual,
and section ‘Moving into C API compliance’ for issues with the use of
non-API entry points.
Flavors: r-devel-linux-x86_64-debian-clang, r-devel-linux-x86_64-debian-gcc, r-devel-linux-x86_64-fedora-clang, r-devel-linux-x86_64-fedora-gcc
Version: 0.2.1
Check: compiled code
Result: NOTE
File 'hilbert/libs/x64/hilbert.dll':
Found non-API calls to R: 'SETLENGTH', 'SET_GROWABLE_BIT',
'SET_TRUELENGTH'
Compiled code should not call non-API entry points in R.
See 'Writing portable packages' in the 'Writing R Extensions' manual,
and section 'Moving into C API compliance' for issues with the use of
non-API entry points.
Flavor: r-devel-windows-x86_64